{"id":17,"date":"2020-11-25T15:10:33","date_gmt":"2020-11-25T15:10:33","guid":{"rendered":"http:\/\/revesen.de\/?page_id=17"},"modified":"2025-06-02T19:30:02","modified_gmt":"2025-06-02T19:30:02","slug":"uber-revesen","status":"publish","type":"page","link":"https:\/\/revesen.de\/index.php\/uber-revesen\/","title":{"rendered":"\u00dcber Revesen"},"content":{"rendered":"<div class=\"fusion-fullwidth fullwidth-box fusion-builder-row-1 fusion-flex-container nonhundred-percent-fullwidth non-hundred-percent-height-scrolling\" style=\"--awb-border-radius-top-left:0px;--awb-border-radius-top-right:0px;--awb-border-radius-bottom-right:0px;--awb-border-radius-bottom-left:0px;--awb-flex-wrap:wrap;\" ><div class=\"fusion-builder-row fusion-row fusion-flex-align-items-flex-start fusion-flex-content-wrap\" style=\"max-width:1424.8px;margin-left: calc(-4% \/ 2 );margin-right: calc(-4% \/ 2 );\"><div class=\"fusion-layout-column fusion_builder_column fusion-builder-column-0 fusion_builder_column_1_1 1_1 fusion-flex-column\" style=\"--awb-bg-size:cover;--awb-width-large:100%;--awb-margin-top-large:0px;--awb-spacing-right-large:1.92%;--awb-margin-bottom-large:20px;--awb-spacing-left-large:1.92%;--awb-width-medium:100%;--awb-order-medium:0;--awb-spacing-right-medium:1.92%;--awb-spacing-left-medium:1.92%;--awb-width-small:100%;--awb-order-small:0;--awb-spacing-right-small:1.92%;--awb-spacing-left-small:1.92%;\"><div class=\"fusion-column-wrapper fusion-column-has-shadow fusion-flex-justify-content-flex-start fusion-content-layout-column\"><div class=\"fusion-text fusion-text-1\" style=\"--awb-text-transform:none;\"><p data-start=\"69\" data-end=\"82\"><strong data-start=\"69\" data-end=\"82\">ERFAHRUNG<\/strong><\/p>\n<p data-start=\"84\" data-end=\"803\">Die Geschichte unseres Unternehmens reicht bis zum Ende des letzten Jahrhunderts zur\u00fcck. Unsere Fabrik liegt in einem wundersch\u00f6nen und \u00f6kologisch sauberen Gebiet des Gorlice-Vorlandes. Das Wissen und die Erfahrung vieler Generationen pr\u00e4gen unsere Arbeitsweise \u2013 denn die Natur gibt ihre Geheimnisse nur ungern preis. Deshalb haben wir unser ganzes Leben dem Verst\u00e4ndnis der B\u00e4ume gewidmet. Wir haben gelernt, wie verschiedene Holzarten unter den F\u00fc\u00dfen des Menschen \u201earbeiten\u201c, welche Festigkeitseigenschaften sie besitzen und welche Farbt\u00f6ne sich aus ihnen herausarbeiten lassen. Aus Respekt vor dem Kunden und aus Liebe zur Natur haben wir beschlossen, die hochwertigsten Bodenbretter der Marke REVESEN herzustellen.<\/p>\n<p data-start=\"805\" data-end=\"2023\">Der Einsatz moderner und pr\u00e4ziser Holzbearbeitungsmaschinen ist eine weitere Voraussetzung f\u00fcr die Produktion hochwertiger B\u00f6den. In unserem Produktionsprozess wenden wir eine 9-fache Bearbeitung von Dielen und Parkett an. Das 9-fache Hobeln jedes Brettes oder jeder Diele garantiert eine hohe Bearbeitungsgenauigkeit und minimiert oder eliminiert sogar die St\u00e4rke der Schleifschicht des neuen Bodens. Dadurch bleibt die Nutzschicht dicker und erm\u00f6glicht mehrere Renovierungen. Kurz gesagt: Sie erhalten einen pr\u00e4zise bearbeiteten Boden, der h\u00f6chstens minimal geschliffen werden muss \u2013 das bedeutet, dass die Nutzschicht so stark ist, dass wir mit gutem Gewissen sagen k\u00f6nnen, dass REVESEN-B\u00f6den mindestens eine Renovierung mehr \u00fcberstehen, was in privaten Haushalten rund 10 Jahre l\u00e4ngere Nutzung bedeutet. Dank der speziell entwickelten Nut- und Federbearbeitung ist das Verlegen von REVESEN-Parkett oder -Dielen einfacher und die Verbindung pr\u00e4zise. Drei Stabilit\u00e4tsnuten an der Unterseite der Dielen helfen zus\u00e4tzlich, Spannungen im Holz zu minimieren \u2013 dadurch verzieht sich der verlegte Boden nicht und bleibt stabil. Die fertigen REVESEN-B\u00f6den werden in Folie verpackt, die sie vor Witterungseinfl\u00fcssen sch\u00fctzt.<\/p>\n<p data-start=\"2025\" data-end=\"2065\"><strong data-start=\"2025\" data-end=\"2065\">TROCKNUNG UNTER COMPUTER\u00dcBERWACHUNG!<\/strong><\/p>\n<p data-start=\"2067\" data-end=\"3454\">Die Holztrocknung erfolgt in mehreren Schritten, die die Qualit\u00e4t des Bodens wesentlich beeinflussen. Zun\u00e4chst muss das Holz an der freien Luft gelagert und langsam, ohne Eile, von \u00fcbersch\u00fcssiger Feuchtigkeit befreit werden. Anschlie\u00dfend folgt die Trocknung in der Trocknungskammer. Dieser Prozess ist sehr komplex und besteht aus mehreren Trocknungsphasen, dem sogenannten Trocknungsregime. Die Bezeichnung \u201eRegime\u201c kommt nicht von ungef\u00e4hr \u2013 die strikte Einhaltung dieses Prozesses ist entscheidend f\u00fcr die Herstellung eines hochwertigen, stabilen Bodens. Wird eine Phase ausgelassen oder verk\u00fcrzt, wirkt sich das negativ auf das Verhalten des Bodens bei der Nutzung aus. Nur die konsequente Einhaltung des Trocknungsregimes garantiert einen Boden, der sich dauerhaft nicht verzieht oder verformt. Dies hat zudem den Vorteil, dass keine lange \u201eAnpassungszeit\u201c des Bodens im Raum notwendig ist \u2013 fr\u00fcher dauerte dies bis zu 30 Tage, heute verk\u00fcrzt sich die Wartezeit dank computergesteuerter Trocknung auf nur wenige Tage f\u00fcr die Kleberbindung. Die Firma Revesen setzt auf h\u00f6chste Qualit\u00e4t \u2013 daher haben wir in eine moderne, computergesteuerte Trocknungskammer investiert. Unser Fachwissen \u00fcber Holz erg\u00e4nzen wir durch modernste Technik \u2013 alles, um Ihnen Produkte von h\u00f6chster Qualit\u00e4t zu bieten. Gleichzeitig f\u00fchren wir in unserem Sortiment auch B\u00f6den f\u00fcr weniger anspruchsvolle Kunden.<\/p>\n<p data-start=\"3456\" data-end=\"3488\"><strong data-start=\"3456\" data-end=\"3488\">NICHT JEDES HOLZ IST GLEICH!<\/strong><\/p>\n<p data-start=\"3490\" data-end=\"4531\">F\u00fcr die Qualit\u00e4t des Bodens ist die Herkunft des Holzes und dessen Trocknung entscheidend. Das wichtigste Kriterium: Das Holz muss gro\u00dfdimensioniert sein, d.\u202fh. aus dem Stamm und nicht aus \u00c4sten stammen, da der Stamm geringeren Spannungen ausgesetzt ist als die dem Wind und der Sonne ausgesetzten \u00c4ste. Das beste Material f\u00fcr hochwertige B\u00f6den stammt von B\u00e4umen, die im Wald unter anderen B\u00e4umen wachsen, nicht einzeln auf freiem Feld. B\u00e4ume, die in Gruppen wachsen, sind stabiler, werden von ihren Nachbarn gesch\u00fctzt und sind weniger spannungsanf\u00e4llig. Der computergesteuerte Trocknungsprozess hilft dabei, Spannungen im lebenden Holz zu eliminieren. Unser Unternehmen legt gro\u00dfen Wert auf die Auswahl des Holzes und dessen Verarbeitung, um Spannungen auf ein Minimum zu reduzieren \u2013 das hat entscheidenden Einfluss auf die Qualit\u00e4t unserer B\u00f6den. Wie Sie sehen, unternehmen wir auf jeder Produktionsstufe gro\u00dfe Anstrengungen, um Spannungen zu beseitigen und Ihnen ein Produkt zu liefern, an dem Sie viele, viele Jahre Freude haben werden.<\/p>\n<\/div><div class=\"fusion-title title fusion-title-1 fusion-sep-none fusion-title-center fusion-title-text fusion-title-size-one\" style=\"--awb-text-color:#ffffff;--awb-margin-top:0px;--awb-margin-bottom:0px;--awb-font-size:60px;\"><h1 class=\"fusion-title-heading title-heading-center\" style=\"font-family:&quot;Kaisei Decol&quot;;margin:0;font-size:1em;text-transform:none;line-height:70px;\">Modern, elegant and luxurious interior<\/h1><\/div><\/div><\/div><div class=\"fusion-layout-column fusion_builder_column fusion-builder-column-1 fusion_builder_column_1_1 1_1 fusion-flex-column\" style=\"--awb-bg-size:cover;--awb-width-large:100%;--awb-margin-top-large:0px;--awb-spacing-right-large:1.92%;--awb-margin-bottom-large:20px;--awb-spacing-left-large:1.92%;--awb-width-medium:100%;--awb-order-medium:0;--awb-spacing-right-medium:1.92%;--awb-spacing-left-medium:1.92%;--awb-width-small:100%;--awb-order-small:0;--awb-spacing-right-small:1.92%;--awb-spacing-left-small:1.92%;\"><div class=\"fusion-column-wrapper fusion-column-has-shadow fusion-flex-justify-content-flex-start fusion-content-layout-column\"><div class=\"fusion-separator fusion-full-width-sep\" style=\"align-self: center;margin-left: auto;margin-right: auto;width:100%;\"><div class=\"fusion-separator-border sep-double\" style=\"--awb-height:20px;--awb-amount:20px;--awb-sep-color:#e2e2e2;border-color:#e2e2e2;border-top-width:0px;border-bottom-width:0px;\"><\/div><\/div><\/div><\/div><\/div><\/div>\n","protected":false},"excerpt":{"rendered":"","protected":false},"author":1,"featured_media":0,"parent":0,"menu_order":0,"comment_status":"closed","ping_status":"closed","template":"100-width.php","meta":{"footnotes":""},"class_list":["post-17","page","type-page","status-publish","hentry"],"yoast_head":"<!-- This site is optimized with the Yoast SEO plugin v27.2 - https:\/\/yoast.com\/product\/yoast-seo-wordpress\/ -->\n<title>\u00dcber Revesen - Revesen - producent pod\u0142\u00f3g drewnianych<\/title>\n<meta name=\"robots\" content=\"index, follow, max-snippet:-1, max-image-preview:large, max-video-preview:-1\" \/>\n<link rel=\"canonical\" href=\"https:\/\/revesen.de\/index.php\/uber-revesen\/\" \/>\n<meta property=\"og:locale\" content=\"pl_PL\" \/>\n<meta property=\"og:type\" content=\"article\" \/>\n<meta property=\"og:title\" content=\"\u00dcber Revesen - Revesen - producent pod\u0142\u00f3g drewnianych\" \/>\n<meta property=\"og:url\" content=\"https:\/\/revesen.de\/index.php\/uber-revesen\/\" \/>\n<meta property=\"og:site_name\" content=\"Revesen - producent pod\u0142\u00f3g drewnianych\" \/>\n<meta property=\"article:modified_time\" content=\"2025-06-02T19:30:02+00:00\" \/>\n<meta name=\"twitter:card\" content=\"summary_large_image\" \/>\n<meta name=\"twitter:label1\" content=\"Szacowany czas czytania\" \/>\n\t<meta name=\"twitter:data1\" content=\"4 minuty\" \/>\n<script type=\"application\/ld+json\" class=\"yoast-schema-graph\">{\"@context\":\"https:\/\/schema.org\",\"@graph\":[{\"@type\":\"WebPage\",\"@id\":\"https:\/\/revesen.de\/index.php\/uber-revesen\/\",\"url\":\"https:\/\/revesen.de\/index.php\/uber-revesen\/\",\"name\":\"\u00dcber Revesen - Revesen - producent pod\u0142\u00f3g drewnianych\",\"isPartOf\":{\"@id\":\"https:\/\/revesen.de\/#website\"},\"datePublished\":\"2020-11-25T15:10:33+00:00\",\"dateModified\":\"2025-06-02T19:30:02+00:00\",\"breadcrumb\":{\"@id\":\"https:\/\/revesen.de\/index.php\/uber-revesen\/#breadcrumb\"},\"inLanguage\":\"pl-PL\",\"potentialAction\":[{\"@type\":\"ReadAction\",\"target\":[\"https:\/\/revesen.de\/index.php\/uber-revesen\/\"]}]},{\"@type\":\"BreadcrumbList\",\"@id\":\"https:\/\/revesen.de\/index.php\/uber-revesen\/#breadcrumb\",\"itemListElement\":[{\"@type\":\"ListItem\",\"position\":1,\"name\":\"Strona g\u0142\u00f3wna\",\"item\":\"https:\/\/revesen.de\/\"},{\"@type\":\"ListItem\",\"position\":2,\"name\":\"\u00dcber Revesen\"}]},{\"@type\":\"WebSite\",\"@id\":\"https:\/\/revesen.de\/#website\",\"url\":\"https:\/\/revesen.de\/\",\"name\":\"Revesen - producent pod\u0142\u00f3g drewnianych - Nowy S\u0105cz, Gorlice\",\"description\":\"Producent wysokiej jako\u015bci pod\u0142\u00f3g drewnianych z najwy\u017cszej jako\u015bci drewna\",\"publisher\":{\"@id\":\"https:\/\/revesen.de\/#\/schema\/person\/0239b11af0fef7a3fce8892a684f3003\"},\"potentialAction\":[{\"@type\":\"SearchAction\",\"target\":{\"@type\":\"EntryPoint\",\"urlTemplate\":\"https:\/\/revesen.de\/?s={search_term_string}\"},\"query-input\":{\"@type\":\"PropertyValueSpecification\",\"valueRequired\":true,\"valueName\":\"search_term_string\"}}],\"inLanguage\":\"pl-PL\"},{\"@type\":[\"Person\",\"Organization\"],\"@id\":\"https:\/\/revesen.de\/#\/schema\/person\/0239b11af0fef7a3fce8892a684f3003\",\"name\":\"admin\",\"image\":{\"@type\":\"ImageObject\",\"inLanguage\":\"pl-PL\",\"@id\":\"https:\/\/revesen.de\/wp-content\/uploads\/2022\/02\/logo-ciemne.jpg\",\"url\":\"https:\/\/revesen.de\/wp-content\/uploads\/2022\/02\/logo-ciemne.jpg\",\"contentUrl\":\"https:\/\/revesen.de\/wp-content\/uploads\/2022\/02\/logo-ciemne.jpg\",\"width\":233,\"height\":180,\"caption\":\"admin\"},\"logo\":{\"@id\":\"https:\/\/revesen.de\/wp-content\/uploads\/2022\/02\/logo-ciemne.jpg\"},\"sameAs\":[\"http:\/\/revesen.de\"]}]}<\/script>\n<!-- \/ Yoast SEO plugin. -->","yoast_head_json":{"title":"\u00dcber Revesen - Revesen - producent pod\u0142\u00f3g drewnianych","robots":{"index":"index","follow":"follow","max-snippet":"max-snippet:-1","max-image-preview":"max-image-preview:large","max-video-preview":"max-video-preview:-1"},"canonical":"https:\/\/revesen.de\/index.php\/uber-revesen\/","og_locale":"pl_PL","og_type":"article","og_title":"\u00dcber Revesen - Revesen - producent pod\u0142\u00f3g drewnianych","og_url":"https:\/\/revesen.de\/index.php\/uber-revesen\/","og_site_name":"Revesen - producent pod\u0142\u00f3g drewnianych","article_modified_time":"2025-06-02T19:30:02+00:00","twitter_card":"summary_large_image","twitter_misc":{"Szacowany czas czytania":"4 minuty"},"schema":{"@context":"https:\/\/schema.org","@graph":[{"@type":"WebPage","@id":"https:\/\/revesen.de\/index.php\/uber-revesen\/","url":"https:\/\/revesen.de\/index.php\/uber-revesen\/","name":"\u00dcber Revesen - Revesen - producent pod\u0142\u00f3g drewnianych","isPartOf":{"@id":"https:\/\/revesen.de\/#website"},"datePublished":"2020-11-25T15:10:33+00:00","dateModified":"2025-06-02T19:30:02+00:00","breadcrumb":{"@id":"https:\/\/revesen.de\/index.php\/uber-revesen\/#breadcrumb"},"inLanguage":"pl-PL","potentialAction":[{"@type":"ReadAction","target":["https:\/\/revesen.de\/index.php\/uber-revesen\/"]}]},{"@type":"BreadcrumbList","@id":"https:\/\/revesen.de\/index.php\/uber-revesen\/#breadcrumb","itemListElement":[{"@type":"ListItem","position":1,"name":"Strona g\u0142\u00f3wna","item":"https:\/\/revesen.de\/"},{"@type":"ListItem","position":2,"name":"\u00dcber Revesen"}]},{"@type":"WebSite","@id":"https:\/\/revesen.de\/#website","url":"https:\/\/revesen.de\/","name":"Revesen - producent pod\u0142\u00f3g drewnianych - Nowy S\u0105cz, Gorlice","description":"Producent wysokiej jako\u015bci pod\u0142\u00f3g drewnianych z najwy\u017cszej jako\u015bci drewna","publisher":{"@id":"https:\/\/revesen.de\/#\/schema\/person\/0239b11af0fef7a3fce8892a684f3003"},"potentialAction":[{"@type":"SearchAction","target":{"@type":"EntryPoint","urlTemplate":"https:\/\/revesen.de\/?s={search_term_string}"},"query-input":{"@type":"PropertyValueSpecification","valueRequired":true,"valueName":"search_term_string"}}],"inLanguage":"pl-PL"},{"@type":["Person","Organization"],"@id":"https:\/\/revesen.de\/#\/schema\/person\/0239b11af0fef7a3fce8892a684f3003","name":"admin","image":{"@type":"ImageObject","inLanguage":"pl-PL","@id":"https:\/\/revesen.de\/wp-content\/uploads\/2022\/02\/logo-ciemne.jpg","url":"https:\/\/revesen.de\/wp-content\/uploads\/2022\/02\/logo-ciemne.jpg","contentUrl":"https:\/\/revesen.de\/wp-content\/uploads\/2022\/02\/logo-ciemne.jpg","width":233,"height":180,"caption":"admin"},"logo":{"@id":"https:\/\/revesen.de\/wp-content\/uploads\/2022\/02\/logo-ciemne.jpg"},"sameAs":["http:\/\/revesen.de"]}]}},"_links":{"self":[{"href":"https:\/\/revesen.de\/index.php\/wp-json\/wp\/v2\/pages\/17","targetHints":{"allow":["GET"]}}],"collection":[{"href":"https:\/\/revesen.de\/index.php\/wp-json\/wp\/v2\/pages"}],"about":[{"href":"https:\/\/revesen.de\/index.php\/wp-json\/wp\/v2\/types\/page"}],"author":[{"embeddable":true,"href":"https:\/\/revesen.de\/index.php\/wp-json\/wp\/v2\/users\/1"}],"replies":[{"embeddable":true,"href":"https:\/\/revesen.de\/index.php\/wp-json\/wp\/v2\/comments?post=17"}],"version-history":[{"count":9,"href":"https:\/\/revesen.de\/index.php\/wp-json\/wp\/v2\/pages\/17\/revisions"}],"predecessor-version":[{"id":6086,"href":"https:\/\/revesen.de\/index.php\/wp-json\/wp\/v2\/pages\/17\/revisions\/6086"}],"wp:attachment":[{"href":"https:\/\/revesen.de\/index.php\/wp-json\/wp\/v2\/media?parent=17"}],"curies":[{"name":"wp","href":"https:\/\/api.w.org\/{rel}","templated":true}]}}