{"id":4917,"date":"2024-01-22T14:04:16","date_gmt":"2024-01-22T14:04:16","guid":{"rendered":"http:\/\/revesen.de\/?page_id=4917"},"modified":"2024-10-01T13:51:41","modified_gmt":"2024-10-01T13:51:41","slug":"galeria-jodelka-klasyczna","status":"publish","type":"page","link":"https:\/\/revesen.de\/index.php\/galeria-jodelka-klasyczna\/","title":{"rendered":"Galeria jode\u0142ka klasyczna"},"content":{"rendered":"<div class=\"fusion-fullwidth fullwidth-box fusion-builder-row-1 fusion-flex-container has-pattern-background has-mask-background nonhundred-percent-fullwidth non-hundred-percent-height-scrolling\" style=\"--awb-border-radius-top-left:0px;--awb-border-radius-top-right:0px;--awb-border-radius-bottom-right:0px;--awb-border-radius-bottom-left:0px;--awb-flex-wrap:wrap;\" ><div class=\"fusion-builder-row fusion-row fusion-flex-align-items-flex-start fusion-flex-content-wrap\" style=\"max-width:1424.8px;margin-left: calc(-4% \/ 2 );margin-right: calc(-4% \/ 2 );\"><div class=\"fusion-layout-column fusion_builder_column fusion-builder-column-0 fusion_builder_column_1_1 1_1 fusion-flex-column\" style=\"--awb-bg-size:cover;--awb-width-large:100%;--awb-margin-top-large:0px;--awb-spacing-right-large:1.92%;--awb-margin-bottom-large:20px;--awb-spacing-left-large:1.92%;--awb-width-medium:100%;--awb-order-medium:0;--awb-spacing-right-medium:1.92%;--awb-spacing-left-medium:1.92%;--awb-width-small:100%;--awb-order-small:0;--awb-spacing-right-small:1.92%;--awb-spacing-left-small:1.92%;\"><div class=\"fusion-column-wrapper fusion-column-has-shadow fusion-flex-justify-content-flex-start fusion-content-layout-column\"><div class=\"awb-gallery-wrapper awb-gallery-wrapper-1 button-span-no\" style=\"--more-btn-alignment:center;\"><div style=\"margin:-5px;--awb-bordersize:0px;--awb-caption-overlay-color:var(--awb-color6);\" class=\"fusion-gallery fusion-gallery-container fusion-grid-4 fusion-columns-total-15 fusion-gallery-layout-grid fusion-gallery-1\"><div style=\"padding:5px;\" class=\"fusion-grid-column fusion-gallery-column fusion-gallery-column-4\"><div class=\"fusion-gallery-image awb-imageframe-style awb-imageframe-style-navin\"><a href=\"http:\/\/revesen.de\/index.php\/2024\/06\/19\/carbon-pl-markant\/\" rel=\"noreferrer\" data-rel=\"iLightbox[gallery_image_1]\" class=\"fusion-lightbox\" target=\"_self\"><img decoding=\"async\" src=\"https:\/\/revesen.de\/wp-content\/uploads\/2024\/06\/CARBON-PL-2-320x202.jpg\" width=\"320\" height=\"202\" alt=\"\" title=\"CARBON PL 2\" aria-label=\"CARBON PL 2\" class=\"img-responsive wp-image-5253 fusion-gallery-image-size-fixed\" srcset=\"https:\/\/revesen.de\/wp-content\/uploads\/2024\/06\/CARBON-PL-2-320x202.jpg 320w, https:\/\/revesen.de\/wp-content\/uploads\/2024\/06\/CARBON-PL-2-700x441.jpg 700w\" sizes=\"(max-width: 320px) 100vw, 320px\" \/><div class=\"awb-imageframe-caption-container\"><div class=\"awb-imageframe-caption\"><h2 class=\"awb-imageframe-caption-title\">Carbon - Markant<\/h2><\/div><\/div><\/a><\/div><\/div><div style=\"padding:5px;\" class=\"fusion-grid-column fusion-gallery-column fusion-gallery-column-4\"><div class=\"fusion-gallery-image awb-imageframe-style awb-imageframe-style-navin\"><a href=\"http:\/\/revesen.de\/index.php\/2024\/10\/01\/ceniz-markant\/\" rel=\"noreferrer\" data-rel=\"iLightbox[gallery_image_1]\" class=\"fusion-lightbox\" target=\"_self\"><img decoding=\"async\" src=\"https:\/\/revesen.de\/wp-content\/uploads\/2024\/10\/Ceniz-Markant-6-320x202.jpg\" width=\"320\" height=\"202\" alt=\"\" title=\"Ceniz Markant (6)\" aria-label=\"Ceniz Markant (6)\" class=\"img-responsive wp-image-5840 fusion-gallery-image-size-fixed\" srcset=\"https:\/\/revesen.de\/wp-content\/uploads\/2024\/10\/Ceniz-Markant-6-320x202.jpg 320w, https:\/\/revesen.de\/wp-content\/uploads\/2024\/10\/Ceniz-Markant-6-700x441.jpg 700w\" sizes=\"(max-width: 320px) 100vw, 320px\" \/><div class=\"awb-imageframe-caption-container\"><div class=\"awb-imageframe-caption\"><h2 class=\"awb-imageframe-caption-title\">CENIZ - MARKANT <\/h2><\/div><\/div><\/a><\/div><\/div><div style=\"padding:5px;\" class=\"fusion-grid-column fusion-gallery-column fusion-gallery-column-4\"><div class=\"fusion-gallery-image awb-imageframe-style awb-imageframe-style-navin\"><a href=\"http:\/\/revesen.de\/index.php\/2024\/01\/22\/cruz-jodla-klasyczna\/\" rel=\"noreferrer\" data-rel=\"iLightbox[gallery_image_1]\" class=\"fusion-lightbox\" target=\"_self\"><img decoding=\"async\" src=\"https:\/\/revesen.de\/wp-content\/uploads\/2024\/01\/Cruz-jodla-1-320x202.jpg\" width=\"320\" height=\"202\" alt=\"\" title=\"Cruz jod\u0142a (1)\" aria-label=\"Cruz jod\u0142a (1)\" class=\"img-responsive wp-image-4929 fusion-gallery-image-size-fixed\" srcset=\"https:\/\/revesen.de\/wp-content\/uploads\/2024\/01\/Cruz-jodla-1-320x202.jpg 320w, https:\/\/revesen.de\/wp-content\/uploads\/2024\/01\/Cruz-jodla-1-700x441.jpg 700w\" sizes=\"(max-width: 320px) 100vw, 320px\" \/><div class=\"awb-imageframe-caption-container\"><div class=\"awb-imageframe-caption\"><h2 class=\"awb-imageframe-caption-title\">Cruz - Natur<\/h2><\/div><\/div><\/a><\/div><\/div><div style=\"padding:5px;\" class=\"fusion-grid-column fusion-gallery-column fusion-gallery-column-4\"><div class=\"fusion-gallery-image awb-imageframe-style awb-imageframe-style-navin\"><a href=\"http:\/\/revesen.de\/index.php\/2024\/06\/21\/english-brown-natur\/\" rel=\"noreferrer\" data-rel=\"iLightbox[gallery_image_1]\" class=\"fusion-lightbox\" target=\"_self\"><img decoding=\"async\" src=\"https:\/\/revesen.de\/wp-content\/uploads\/2024\/06\/English-Brown-2-320x202.jpg\" width=\"320\" height=\"202\" alt=\"\" title=\"English Brown 2\" aria-label=\"English Brown 2\" class=\"img-responsive wp-image-5487 fusion-gallery-image-size-fixed\" srcset=\"https:\/\/revesen.de\/wp-content\/uploads\/2024\/06\/English-Brown-2-320x202.jpg 320w, https:\/\/revesen.de\/wp-content\/uploads\/2024\/06\/English-Brown-2-700x441.jpg 700w\" sizes=\"(max-width: 320px) 100vw, 320px\" \/><div class=\"awb-imageframe-caption-container\"><div class=\"awb-imageframe-caption\"><h2 class=\"awb-imageframe-caption-title\">English Brown - Natur <\/h2><\/div><\/div><\/a><\/div><\/div><div class=\"clearfix\"><\/div><div style=\"padding:5px;\" class=\"fusion-grid-column fusion-gallery-column fusion-gallery-column-4\"><div class=\"fusion-gallery-image awb-imageframe-style awb-imageframe-style-navin\"><a href=\"http:\/\/revesen.de\/index.php\/2024\/01\/23\/lamar-jodla-klasyczna\/\" rel=\"noreferrer\" data-rel=\"iLightbox[gallery_image_1]\" class=\"fusion-lightbox\" target=\"_self\"><img decoding=\"async\" src=\"https:\/\/revesen.de\/wp-content\/uploads\/2024\/01\/Lamar-jodla-4-320x202.jpg\" width=\"320\" height=\"202\" alt=\"\" title=\"Lamar jod\u0142a (4)\" aria-label=\"Lamar jod\u0142a (4)\" class=\"img-responsive wp-image-4979 fusion-gallery-image-size-fixed\" srcset=\"https:\/\/revesen.de\/wp-content\/uploads\/2024\/01\/Lamar-jodla-4-320x202.jpg 320w, https:\/\/revesen.de\/wp-content\/uploads\/2024\/01\/Lamar-jodla-4-700x441.jpg 700w\" sizes=\"(max-width: 320px) 100vw, 320px\" \/><div class=\"awb-imageframe-caption-container\"><div class=\"awb-imageframe-caption\"><h2 class=\"awb-imageframe-caption-title\">LAMAR - NATUR <\/h2><\/div><\/div><\/a><\/div><\/div><div style=\"padding:5px;\" class=\"fusion-grid-column fusion-gallery-column fusion-gallery-column-4\"><div class=\"fusion-gallery-image awb-imageframe-style awb-imageframe-style-navin\"><a href=\"http:\/\/revesen.de\/index.php\/2024\/04\/16\/milo-jodelka\/\" rel=\"noreferrer\" data-rel=\"iLightbox[gallery_image_1]\" class=\"fusion-lightbox\" target=\"_self\"><img decoding=\"async\" src=\"https:\/\/revesen.de\/wp-content\/uploads\/2024\/04\/MILO-NT-3-320x202.jpg\" width=\"320\" height=\"202\" alt=\"\" title=\"MILO NT 3\" aria-label=\"MILO NT 3\" class=\"img-responsive wp-image-5151 fusion-gallery-image-size-fixed\" srcset=\"https:\/\/revesen.de\/wp-content\/uploads\/2024\/04\/MILO-NT-3-320x202.jpg 320w, https:\/\/revesen.de\/wp-content\/uploads\/2024\/04\/MILO-NT-3-700x441.jpg 700w\" sizes=\"(max-width: 320px) 100vw, 320px\" \/><div class=\"awb-imageframe-caption-container\"><div class=\"awb-imageframe-caption\"><h2 class=\"awb-imageframe-caption-title\">MILO - NATUR <\/h2><\/div><\/div><\/a><\/div><\/div><div style=\"padding:5px;\" class=\"fusion-grid-column fusion-gallery-column fusion-gallery-column-4\"><div class=\"fusion-gallery-image awb-imageframe-style awb-imageframe-style-navin\"><a href=\"http:\/\/revesen.de\/index.php\/2024\/06\/21\/milo-natur\/\" rel=\"noreferrer\" data-rel=\"iLightbox[gallery_image_1]\" class=\"fusion-lightbox\" target=\"_self\"><img decoding=\"async\" src=\"https:\/\/revesen.de\/wp-content\/uploads\/2024\/06\/MILO-LADNE-21-320x202.jpg\" width=\"320\" height=\"202\" alt=\"\" title=\"MILO \u0141ADNE 21\" aria-label=\"MILO \u0141ADNE 21\" class=\"img-responsive wp-image-5509 fusion-gallery-image-size-fixed\" srcset=\"https:\/\/revesen.de\/wp-content\/uploads\/2024\/06\/MILO-LADNE-21-320x202.jpg 320w, https:\/\/revesen.de\/wp-content\/uploads\/2024\/06\/MILO-LADNE-21-700x441.jpg 700w\" sizes=\"(max-width: 320px) 100vw, 320px\" \/><div class=\"awb-imageframe-caption-container\"><div class=\"awb-imageframe-caption\"><h2 class=\"awb-imageframe-caption-title\">Milo - Natur <\/h2><\/div><\/div><\/a><\/div><\/div><div style=\"padding:5px;\" class=\"fusion-grid-column fusion-gallery-column fusion-gallery-column-4\"><div class=\"fusion-gallery-image awb-imageframe-style awb-imageframe-style-navin\"><a href=\"http:\/\/revesen.de\/index.php\/2024\/01\/23\/milo-jodla-klasyczna\/\" rel=\"noreferrer\" data-rel=\"iLightbox[gallery_image_1]\" class=\"fusion-lightbox\" target=\"_self\"><img decoding=\"async\" src=\"https:\/\/revesen.de\/wp-content\/uploads\/2024\/01\/Milo-7-320x202.jpg\" width=\"320\" height=\"202\" alt=\"\" title=\"Milo (7)\" aria-label=\"Milo (7)\" class=\"img-responsive wp-image-4972 fusion-gallery-image-size-fixed\" srcset=\"https:\/\/revesen.de\/wp-content\/uploads\/2024\/01\/Milo-7-320x202.jpg 320w, https:\/\/revesen.de\/wp-content\/uploads\/2024\/01\/Milo-7-700x441.jpg 700w\" sizes=\"(max-width: 320px) 100vw, 320px\" \/><div class=\"awb-imageframe-caption-container\"><div class=\"awb-imageframe-caption\"><h2 class=\"awb-imageframe-caption-title\">Milo - Rustikal <\/h2><\/div><\/div><\/a><\/div><\/div><div class=\"clearfix\"><\/div><div style=\"padding:5px;\" class=\"fusion-grid-column fusion-gallery-column fusion-gallery-column-4\"><div class=\"fusion-gallery-image awb-imageframe-style awb-imageframe-style-navin\"><a href=\"http:\/\/revesen.de\/index.php\/2024\/01\/23\/serit-mat-jodla-klasyczna\/\" rel=\"noreferrer\" data-rel=\"iLightbox[gallery_image_1]\" class=\"fusion-lightbox\" target=\"_self\"><img decoding=\"async\" src=\"https:\/\/revesen.de\/wp-content\/uploads\/2024\/01\/Serit-jodla-8-320x202.jpg\" width=\"320\" height=\"202\" alt=\"\" title=\"Serit jod\u0142a (8)\" aria-label=\"Serit jod\u0142a (8)\" class=\"img-responsive wp-image-4940 fusion-gallery-image-size-fixed\" srcset=\"https:\/\/revesen.de\/wp-content\/uploads\/2024\/01\/Serit-jodla-8-320x202.jpg 320w, https:\/\/revesen.de\/wp-content\/uploads\/2024\/01\/Serit-jodla-8-700x441.jpg 700w\" sizes=\"(max-width: 320px) 100vw, 320px\" \/><div class=\"awb-imageframe-caption-container\"><div class=\"awb-imageframe-caption\"><h2 class=\"awb-imageframe-caption-title\">Natural - Markant<\/h2><\/div><\/div><\/a><\/div><\/div><div style=\"padding:5px;\" class=\"fusion-grid-column fusion-gallery-column fusion-gallery-column-4\"><div class=\"fusion-gallery-image awb-imageframe-style awb-imageframe-style-navin\"><a href=\"http:\/\/revesen.de\/index.php\/2024\/01\/23\/serit-jodelka\/\" rel=\"noreferrer\" data-rel=\"iLightbox[gallery_image_1]\" class=\"fusion-lightbox\" target=\"_self\"><img decoding=\"async\" src=\"https:\/\/revesen.de\/wp-content\/uploads\/2024\/01\/Serit-mat-jodla-klasyczna-10-320x202.jpg\" width=\"320\" height=\"202\" alt=\"\" title=\"Serit mat jod\u0142a klasyczna (10)\" aria-label=\"Serit mat jod\u0142a klasyczna (10)\" class=\"img-responsive wp-image-5009 fusion-gallery-image-size-fixed\" srcset=\"https:\/\/revesen.de\/wp-content\/uploads\/2024\/01\/Serit-mat-jodla-klasyczna-10-320x202.jpg 320w, https:\/\/revesen.de\/wp-content\/uploads\/2024\/01\/Serit-mat-jodla-klasyczna-10-700x441.jpg 700w\" sizes=\"(max-width: 320px) 100vw, 320px\" \/><div class=\"awb-imageframe-caption-container\"><div class=\"awb-imageframe-caption\"><h2 class=\"awb-imageframe-caption-title\">Serit Mat - Markant <\/h2><\/div><\/div><\/a><\/div><\/div><div style=\"padding:5px;\" class=\"fusion-grid-column fusion-gallery-column fusion-gallery-column-4\"><div class=\"fusion-gallery-image awb-imageframe-style awb-imageframe-style-navin\"><a href=\"http:\/\/revesen.de\/index.php\/2024\/06\/21\/serit-mat-jodelka-pl\/\" rel=\"noreferrer\" data-rel=\"iLightbox[gallery_image_1]\" class=\"fusion-lightbox\" target=\"_self\"><img decoding=\"async\" src=\"https:\/\/revesen.de\/wp-content\/uploads\/2024\/06\/Markant.Jodelka2-320x202.jpg\" width=\"320\" height=\"202\" alt=\"\" title=\"Markant.Jode\u0142ka2\" aria-label=\"Markant.Jode\u0142ka2\" class=\"img-responsive wp-image-5535 fusion-gallery-image-size-fixed\" srcset=\"https:\/\/revesen.de\/wp-content\/uploads\/2024\/06\/Markant.Jodelka2-320x202.jpg 320w, https:\/\/revesen.de\/wp-content\/uploads\/2024\/06\/Markant.Jodelka2-700x441.jpg 700w\" sizes=\"(max-width: 320px) 100vw, 320px\" \/><div class=\"awb-imageframe-caption-container\"><div class=\"awb-imageframe-caption\"><h2 class=\"awb-imageframe-caption-title\">Serit Mat - Markant<\/h2><\/div><\/div><\/a><\/div><\/div><div style=\"padding:5px;\" class=\"fusion-grid-column fusion-gallery-column fusion-gallery-column-4\"><div class=\"fusion-gallery-image awb-imageframe-style awb-imageframe-style-navin\"><a href=\"http:\/\/revesen.de\/index.php\/2024\/10\/01\/serit-mat-markant-pl\/\" rel=\"noreferrer\" data-rel=\"iLightbox[gallery_image_1]\" class=\"fusion-lightbox\" target=\"_self\"><img decoding=\"async\" src=\"https:\/\/revesen.de\/wp-content\/uploads\/2024\/10\/SERIT-MAT-MARKANT-JODELKA-3-320x202.jpg\" width=\"320\" height=\"202\" alt=\"\" title=\"SERIT MAT MARKANT JODE\u0141KA (3)\" aria-label=\"SERIT MAT MARKANT JODE\u0141KA (3)\" class=\"img-responsive wp-image-5857 fusion-gallery-image-size-fixed\" srcset=\"https:\/\/revesen.de\/wp-content\/uploads\/2024\/10\/SERIT-MAT-MARKANT-JODELKA-3-320x202.jpg 320w, https:\/\/revesen.de\/wp-content\/uploads\/2024\/10\/SERIT-MAT-MARKANT-JODELKA-3-700x441.jpg 700w\" sizes=\"(max-width: 320px) 100vw, 320px\" \/><div class=\"awb-imageframe-caption-container\"><div class=\"awb-imageframe-caption\"><h2 class=\"awb-imageframe-caption-title\">SERIT MAT - MARKANT <\/h2><\/div><\/div><\/a><\/div><\/div><div class=\"clearfix\"><\/div><div style=\"padding:5px;\" class=\"fusion-grid-column fusion-gallery-column fusion-gallery-column-4\"><div class=\"fusion-gallery-image awb-imageframe-style awb-imageframe-style-navin\"><a href=\"http:\/\/revesen.de\/index.php\/2024\/01\/23\/serit-mat-jodla-klasyczna-2\/\" rel=\"noreferrer\" data-rel=\"iLightbox[gallery_image_1]\" class=\"fusion-lightbox\" target=\"_self\"><img decoding=\"async\" src=\"https:\/\/revesen.de\/wp-content\/uploads\/2024\/01\/Serit.-17-320x202.jpg\" width=\"320\" height=\"202\" alt=\"\" title=\"Serit. (17)\" aria-label=\"Serit. (17)\" class=\"img-responsive wp-image-4952 fusion-gallery-image-size-fixed\" srcset=\"https:\/\/revesen.de\/wp-content\/uploads\/2024\/01\/Serit.-17-320x202.jpg 320w, https:\/\/revesen.de\/wp-content\/uploads\/2024\/01\/Serit.-17-700x441.jpg 700w\" sizes=\"(max-width: 320px) 100vw, 320px\" \/><div class=\"awb-imageframe-caption-container\"><div class=\"awb-imageframe-caption\"><h2 class=\"awb-imageframe-caption-title\">SERIT MAT - RUSTIKAL <\/h2><\/div><\/div><\/a><\/div><\/div><div style=\"padding:5px;\" class=\"fusion-grid-column fusion-gallery-column fusion-gallery-column-4\"><div class=\"fusion-gallery-image awb-imageframe-style awb-imageframe-style-navin\"><a href=\"http:\/\/revesen.de\/index.php\/2024\/07\/31\/serit-mat-jodelka-2\/\" rel=\"noreferrer\" data-rel=\"iLightbox[gallery_image_1]\" class=\"fusion-lightbox\" target=\"_self\"><img decoding=\"async\" src=\"https:\/\/revesen.de\/wp-content\/uploads\/2024\/07\/SeritMat-Lea-1-320x202.jpg\" width=\"320\" height=\"202\" alt=\"\" title=\"SeritMat Lea (1)\" aria-label=\"SeritMat Lea (1)\" class=\"img-responsive wp-image-5609 fusion-gallery-image-size-fixed\" srcset=\"https:\/\/revesen.de\/wp-content\/uploads\/2024\/07\/SeritMat-Lea-1-320x202.jpg 320w, https:\/\/revesen.de\/wp-content\/uploads\/2024\/07\/SeritMat-Lea-1-700x441.jpg 700w\" sizes=\"(max-width: 320px) 100vw, 320px\" \/><div class=\"awb-imageframe-caption-container\"><div class=\"awb-imageframe-caption\"><h2 class=\"awb-imageframe-caption-title\">SERIT MAT - RUSTIKAL<\/h2><\/div><\/div><\/a><\/div><\/div><div style=\"padding:5px;\" class=\"fusion-grid-column fusion-gallery-column fusion-gallery-column-4\"><div class=\"fusion-gallery-image awb-imageframe-style awb-imageframe-style-navin\"><a href=\"http:\/\/revesen.de\/index.php\/2024\/10\/01\/serit-mat-rustikal-pl\/\" rel=\"noreferrer\" data-rel=\"iLightbox[gallery_image_1]\" class=\"fusion-lightbox\" target=\"_self\"><img decoding=\"async\" src=\"https:\/\/revesen.de\/wp-content\/uploads\/2024\/10\/Serit-Mat-Rustikal-PL-7-320x202.jpg\" width=\"320\" height=\"202\" alt=\"\" title=\"Serit Mat Rustikal PL (7)\" aria-label=\"Serit Mat Rustikal PL (7)\" class=\"img-responsive wp-image-5850 fusion-gallery-image-size-fixed\" srcset=\"https:\/\/revesen.de\/wp-content\/uploads\/2024\/10\/Serit-Mat-Rustikal-PL-7-320x202.jpg 320w, https:\/\/revesen.de\/wp-content\/uploads\/2024\/10\/Serit-Mat-Rustikal-PL-7-700x441.jpg 700w\" sizes=\"(max-width: 320px) 100vw, 320px\" \/><div class=\"awb-imageframe-caption-container\"><div class=\"awb-imageframe-caption\"><h2 class=\"awb-imageframe-caption-title\">SERIT MAT - RUSTIKAL <\/h2><\/div><\/div><\/a><\/div><\/div><\/div><\/div><\/div><\/div><\/div><\/div>\n","protected":false},"excerpt":{"rendered":"","protected":false},"author":2,"featured_media":0,"parent":0,"menu_order":0,"comment_status":"closed","ping_status":"closed","template":"","meta":{"footnotes":""},"class_list":["post-4917","page","type-page","status-publish","hentry"],"yoast_head":"<!-- This site is optimized with the Yoast SEO plugin v27.2 - https:\/\/yoast.com\/product\/yoast-seo-wordpress\/ -->\n<title>Galeria jode\u0142ka klasyczna - Revesen - producent pod\u0142\u00f3g drewnianych<\/title>\n<meta name=\"robots\" content=\"index, follow, max-snippet:-1, max-image-preview:large, max-video-preview:-1\" \/>\n<link rel=\"canonical\" href=\"https:\/\/revesen.de\/index.php\/galeria-jodelka-klasyczna\/\" \/>\n<meta property=\"og:locale\" content=\"pl_PL\" \/>\n<meta property=\"og:type\" content=\"article\" \/>\n<meta property=\"og:title\" content=\"Galeria jode\u0142ka klasyczna - Revesen - producent pod\u0142\u00f3g drewnianych\" \/>\n<meta property=\"og:url\" content=\"https:\/\/revesen.de\/index.php\/galeria-jodelka-klasyczna\/\" \/>\n<meta property=\"og:site_name\" content=\"Revesen - producent pod\u0142\u00f3g drewnianych\" \/>\n<meta property=\"article:modified_time\" content=\"2024-10-01T13:51:41+00:00\" \/>\n<meta name=\"twitter:card\" content=\"summary_large_image\" \/>\n<meta name=\"twitter:label1\" content=\"Szacowany czas czytania\" \/>\n\t<meta name=\"twitter:data1\" content=\"5 minut\" \/>\n<script type=\"application\/ld+json\" class=\"yoast-schema-graph\">{\"@context\":\"https:\/\/schema.org\",\"@graph\":[{\"@type\":\"WebPage\",\"@id\":\"https:\/\/revesen.de\/index.php\/galeria-jodelka-klasyczna\/\",\"url\":\"https:\/\/revesen.de\/index.php\/galeria-jodelka-klasyczna\/\",\"name\":\"Galeria jode\u0142ka klasyczna - Revesen - producent pod\u0142\u00f3g drewnianych\",\"isPartOf\":{\"@id\":\"https:\/\/revesen.de\/#website\"},\"datePublished\":\"2024-01-22T14:04:16+00:00\",\"dateModified\":\"2024-10-01T13:51:41+00:00\",\"breadcrumb\":{\"@id\":\"https:\/\/revesen.de\/index.php\/galeria-jodelka-klasyczna\/#breadcrumb\"},\"inLanguage\":\"pl-PL\",\"potentialAction\":[{\"@type\":\"ReadAction\",\"target\":[\"https:\/\/revesen.de\/index.php\/galeria-jodelka-klasyczna\/\"]}]},{\"@type\":\"BreadcrumbList\",\"@id\":\"https:\/\/revesen.de\/index.php\/galeria-jodelka-klasyczna\/#breadcrumb\",\"itemListElement\":[{\"@type\":\"ListItem\",\"position\":1,\"name\":\"Strona g\u0142\u00f3wna\",\"item\":\"https:\/\/revesen.de\/\"},{\"@type\":\"ListItem\",\"position\":2,\"name\":\"Galeria jode\u0142ka klasyczna\"}]},{\"@type\":\"WebSite\",\"@id\":\"https:\/\/revesen.de\/#website\",\"url\":\"https:\/\/revesen.de\/\",\"name\":\"Revesen - producent pod\u0142\u00f3g drewnianych - Nowy S\u0105cz, Gorlice\",\"description\":\"Producent wysokiej jako\u015bci pod\u0142\u00f3g drewnianych z najwy\u017cszej jako\u015bci drewna\",\"publisher\":{\"@id\":\"https:\/\/revesen.de\/#\/schema\/person\/0239b11af0fef7a3fce8892a684f3003\"},\"potentialAction\":[{\"@type\":\"SearchAction\",\"target\":{\"@type\":\"EntryPoint\",\"urlTemplate\":\"https:\/\/revesen.de\/?s={search_term_string}\"},\"query-input\":{\"@type\":\"PropertyValueSpecification\",\"valueRequired\":true,\"valueName\":\"search_term_string\"}}],\"inLanguage\":\"pl-PL\"},{\"@type\":[\"Person\",\"Organization\"],\"@id\":\"https:\/\/revesen.de\/#\/schema\/person\/0239b11af0fef7a3fce8892a684f3003\",\"name\":\"admin\",\"image\":{\"@type\":\"ImageObject\",\"inLanguage\":\"pl-PL\",\"@id\":\"https:\/\/revesen.de\/wp-content\/uploads\/2022\/02\/logo-ciemne.jpg\",\"url\":\"https:\/\/revesen.de\/wp-content\/uploads\/2022\/02\/logo-ciemne.jpg\",\"contentUrl\":\"https:\/\/revesen.de\/wp-content\/uploads\/2022\/02\/logo-ciemne.jpg\",\"width\":233,\"height\":180,\"caption\":\"admin\"},\"logo\":{\"@id\":\"https:\/\/revesen.de\/wp-content\/uploads\/2022\/02\/logo-ciemne.jpg\"},\"sameAs\":[\"http:\/\/revesen.de\"]}]}<\/script>\n<!-- \/ Yoast SEO plugin. -->","yoast_head_json":{"title":"Galeria jode\u0142ka klasyczna - Revesen - producent pod\u0142\u00f3g drewnianych","robots":{"index":"index","follow":"follow","max-snippet":"max-snippet:-1","max-image-preview":"max-image-preview:large","max-video-preview":"max-video-preview:-1"},"canonical":"https:\/\/revesen.de\/index.php\/galeria-jodelka-klasyczna\/","og_locale":"pl_PL","og_type":"article","og_title":"Galeria jode\u0142ka klasyczna - Revesen - producent pod\u0142\u00f3g drewnianych","og_url":"https:\/\/revesen.de\/index.php\/galeria-jodelka-klasyczna\/","og_site_name":"Revesen - producent pod\u0142\u00f3g drewnianych","article_modified_time":"2024-10-01T13:51:41+00:00","twitter_card":"summary_large_image","twitter_misc":{"Szacowany czas czytania":"5 minut"},"schema":{"@context":"https:\/\/schema.org","@graph":[{"@type":"WebPage","@id":"https:\/\/revesen.de\/index.php\/galeria-jodelka-klasyczna\/","url":"https:\/\/revesen.de\/index.php\/galeria-jodelka-klasyczna\/","name":"Galeria jode\u0142ka klasyczna - Revesen - producent pod\u0142\u00f3g drewnianych","isPartOf":{"@id":"https:\/\/revesen.de\/#website"},"datePublished":"2024-01-22T14:04:16+00:00","dateModified":"2024-10-01T13:51:41+00:00","breadcrumb":{"@id":"https:\/\/revesen.de\/index.php\/galeria-jodelka-klasyczna\/#breadcrumb"},"inLanguage":"pl-PL","potentialAction":[{"@type":"ReadAction","target":["https:\/\/revesen.de\/index.php\/galeria-jodelka-klasyczna\/"]}]},{"@type":"BreadcrumbList","@id":"https:\/\/revesen.de\/index.php\/galeria-jodelka-klasyczna\/#breadcrumb","itemListElement":[{"@type":"ListItem","position":1,"name":"Strona g\u0142\u00f3wna","item":"https:\/\/revesen.de\/"},{"@type":"ListItem","position":2,"name":"Galeria jode\u0142ka klasyczna"}]},{"@type":"WebSite","@id":"https:\/\/revesen.de\/#website","url":"https:\/\/revesen.de\/","name":"Revesen - producent pod\u0142\u00f3g drewnianych - Nowy S\u0105cz, Gorlice","description":"Producent wysokiej jako\u015bci pod\u0142\u00f3g drewnianych z najwy\u017cszej jako\u015bci drewna","publisher":{"@id":"https:\/\/revesen.de\/#\/schema\/person\/0239b11af0fef7a3fce8892a684f3003"},"potentialAction":[{"@type":"SearchAction","target":{"@type":"EntryPoint","urlTemplate":"https:\/\/revesen.de\/?s={search_term_string}"},"query-input":{"@type":"PropertyValueSpecification","valueRequired":true,"valueName":"search_term_string"}}],"inLanguage":"pl-PL"},{"@type":["Person","Organization"],"@id":"https:\/\/revesen.de\/#\/schema\/person\/0239b11af0fef7a3fce8892a684f3003","name":"admin","image":{"@type":"ImageObject","inLanguage":"pl-PL","@id":"https:\/\/revesen.de\/wp-content\/uploads\/2022\/02\/logo-ciemne.jpg","url":"https:\/\/revesen.de\/wp-content\/uploads\/2022\/02\/logo-ciemne.jpg","contentUrl":"https:\/\/revesen.de\/wp-content\/uploads\/2022\/02\/logo-ciemne.jpg","width":233,"height":180,"caption":"admin"},"logo":{"@id":"https:\/\/revesen.de\/wp-content\/uploads\/2022\/02\/logo-ciemne.jpg"},"sameAs":["http:\/\/revesen.de"]}]}},"_links":{"self":[{"href":"https:\/\/revesen.de\/index.php\/wp-json\/wp\/v2\/pages\/4917","targetHints":{"allow":["GET"]}}],"collection":[{"href":"https:\/\/revesen.de\/index.php\/wp-json\/wp\/v2\/pages"}],"about":[{"href":"https:\/\/revesen.de\/index.php\/wp-json\/wp\/v2\/types\/page"}],"author":[{"embeddable":true,"href":"https:\/\/revesen.de\/index.php\/wp-json\/wp\/v2\/users\/2"}],"replies":[{"embeddable":true,"href":"https:\/\/revesen.de\/index.php\/wp-json\/wp\/v2\/comments?post=4917"}],"version-history":[{"count":22,"href":"https:\/\/revesen.de\/index.php\/wp-json\/wp\/v2\/pages\/4917\/revisions"}],"predecessor-version":[{"id":5861,"href":"https:\/\/revesen.de\/index.php\/wp-json\/wp\/v2\/pages\/4917\/revisions\/5861"}],"wp:attachment":[{"href":"https:\/\/revesen.de\/index.php\/wp-json\/wp\/v2\/media?parent=4917"}],"curies":[{"name":"wp","href":"https:\/\/api.w.org\/{rel}","templated":true}]}}