{"id":2805,"date":"2022-01-26T19:25:11","date_gmt":"2022-01-26T19:25:11","guid":{"rendered":"http:\/\/revesen.de\/?post_type=product&#038;p=2805"},"modified":"2025-05-26T08:49:39","modified_gmt":"2025-05-26T08:49:39","slug":"bodendiele-farbton-minor","status":"publish","type":"product","link":"https:\/\/revesen.de\/index.php\/produkt\/bodendiele-farbton-minor\/","title":{"rendered":"Bodendiele \u2013 Farbton Minor"},"content":{"rendered":"<p>Jedes Haus hat seinen eigenen Stil und die richtige Wahl des Bodenbelags unterstreicht seine Vorz\u00fcge. Die braun-bernsteinfarbene Platte verleiht dem Raum W\u00e4rme, w\u00e4hrend die \u00c4ste und die nat\u00fcrliche Maserung die Inneneinrichtung bereichern.<\/p>\n","protected":false},"excerpt":{"rendered":"<p>Jedes Haus hat seinen eigenen Stil und die richtige Wahl des Bodenbelags unterstreicht seine Vorz\u00fcge. Die braun-bernsteinfarbene Platte verleiht dem Raum W\u00e4rme, w\u00e4hrend die \u00c4ste und die nat\u00fcrliche Maserung die Inneneinrichtung bereichern.[fusion_button link=\"http:\/\/revesen.de\/index.php\/2022\/06\/15\/minor\/\" title=\"\" target=\"_self\" link_attributes=\"\" alignment_medium=\"\" alignment_small=\"\" alignment=\"\" modal=\"\" hide_on_mobile=\"small-visibility,medium-visibility,large-visibility\" sticky_display=\"normal,sticky\" class=\"\" id=\"\" color=\"default\" button_gradient_top_color=\"\" hue=\"\" saturation=\"\" lightness=\"\" alpha=\"\" button_gradient_bottom_color=\"\" button_gradient_top_color_hover=\"\" button_gradient_bottom_color_hover=\"\" gradient_start_position=\"\" gradient_end_position=\"\" gradient_type=\"\" radial_direction=\"\" linear_angle=\"180\" accent_color=\"\" accent_hover_color=\"\" type=\"\" bevel_color=\"\" bevel_color_hover=\"\" border_top=\"\" border_right=\"\" border_bottom=\"\" border_left=\"\" border_radius_top_left=\"\" border_radius_top_right=\"\" border_radius_bottom_right=\"\" border_radius_bottom_left=\"\" border_color=\"\" border_hover_color=\"\" size=\"xlarge\" padding_top=\"\" padding_right=\"\" padding_bottom=\"\" padding_left=\"\" fusion_font_family_button_font=\"\" fusion_font_variant_button_font=\"\" font_size=\"\" line_height=\"\" letter_spacing=\"\" text_transform=\"\" stretch=\"default\" margin_top=\"\" margin_right=\"\" margin_bottom=\"\" margin_left=\"\" icon=\"\" icon_position=\"left\" icon_divider=\"no\" animation_type=\"\" animation_direction=\"left\" animation_speed=\"0.3\" animation_offset=\"\"]Projekte[\/fusion_button]<\/p>\n","protected":false},"featured_media":2812,"comment_status":"open","ping_status":"closed","template":"","meta":[],"product_brand":[],"product_cat":[59],"product_tag":[],"class_list":{"0":"post-2805","1":"product","2":"type-product","3":"status-publish","4":"has-post-thumbnail","6":"product_cat-home-kollektion","8":"first","9":"instock","10":"virtual","11":"product-type-simple"},"yoast_head":"<!-- This site is optimized with the Yoast SEO plugin v27.2 - https:\/\/yoast.com\/product\/yoast-seo-wordpress\/ -->\n<title>Bodendiele \u2013 Farbton Minor - Revesen - producent pod\u0142\u00f3g drewnianych<\/title>\n<meta name=\"description\" content=\"Braun-bernsteinfarbene Diele mit \u00c4sten und nat\u00fcrlicher Maserung \u2013 verleiht dem Raum W\u00e4rme und unterstreicht den individuellen Wohnstil.\" \/>\n<meta name=\"robots\" content=\"index, follow, max-snippet:-1, max-image-preview:large, max-video-preview:-1\" \/>\n<link rel=\"canonical\" href=\"https:\/\/revesen.de\/index.php\/produkt\/bodendiele-farbton-minor\/\" \/>\n<meta property=\"og:locale\" content=\"pl_PL\" \/>\n<meta property=\"og:type\" content=\"article\" \/>\n<meta property=\"og:title\" content=\"Bodendiele \u2013 Farbton Minor - Revesen - producent pod\u0142\u00f3g drewnianych\" \/>\n<meta property=\"og:description\" content=\"Braun-bernsteinfarbene Diele mit \u00c4sten und nat\u00fcrlicher Maserung \u2013 verleiht dem Raum W\u00e4rme und unterstreicht den individuellen Wohnstil.\" \/>\n<meta property=\"og:url\" content=\"https:\/\/revesen.de\/index.php\/produkt\/bodendiele-farbton-minor\/\" \/>\n<meta property=\"og:site_name\" content=\"Revesen - producent pod\u0142\u00f3g drewnianych\" \/>\n<meta property=\"article:modified_time\" content=\"2025-05-26T08:49:39+00:00\" \/>\n<meta property=\"og:image\" content=\"https:\/\/revesen.de\/wp-content\/uploads\/2022\/01\/minor1.jpg\" \/>\n\t<meta property=\"og:image:width\" content=\"913\" \/>\n\t<meta property=\"og:image:height\" content=\"842\" \/>\n\t<meta property=\"og:image:type\" content=\"image\/jpeg\" \/>\n<meta name=\"twitter:card\" content=\"summary_large_image\" \/>\n<meta name=\"twitter:label1\" content=\"Szacowany czas czytania\" \/>\n\t<meta name=\"twitter:data1\" content=\"1 minuta\" \/>\n<script type=\"application\/ld+json\" class=\"yoast-schema-graph\">{\"@context\":\"https:\/\/schema.org\",\"@graph\":[{\"@type\":\"WebPage\",\"@id\":\"https:\/\/revesen.de\/index.php\/produkt\/bodendiele-farbton-minor\/\",\"url\":\"https:\/\/revesen.de\/index.php\/produkt\/bodendiele-farbton-minor\/\",\"name\":\"Bodendiele \u2013 Farbton Minor - Revesen - producent pod\u0142\u00f3g drewnianych\",\"isPartOf\":{\"@id\":\"https:\/\/revesen.de\/#website\"},\"primaryImageOfPage\":{\"@id\":\"https:\/\/revesen.de\/index.php\/produkt\/bodendiele-farbton-minor\/#primaryimage\"},\"image\":{\"@id\":\"https:\/\/revesen.de\/index.php\/produkt\/bodendiele-farbton-minor\/#primaryimage\"},\"thumbnailUrl\":\"https:\/\/revesen.de\/wp-content\/uploads\/2022\/01\/minor1.jpg\",\"datePublished\":\"2022-01-26T19:25:11+00:00\",\"dateModified\":\"2025-05-26T08:49:39+00:00\",\"description\":\"Braun-bernsteinfarbene Diele mit \u00c4sten und nat\u00fcrlicher Maserung \u2013 verleiht dem Raum W\u00e4rme und unterstreicht den individuellen Wohnstil.\",\"breadcrumb\":{\"@id\":\"https:\/\/revesen.de\/index.php\/produkt\/bodendiele-farbton-minor\/#breadcrumb\"},\"inLanguage\":\"pl-PL\",\"potentialAction\":[{\"@type\":\"ReadAction\",\"target\":[\"https:\/\/revesen.de\/index.php\/produkt\/bodendiele-farbton-minor\/\"]}]},{\"@type\":\"ImageObject\",\"inLanguage\":\"pl-PL\",\"@id\":\"https:\/\/revesen.de\/index.php\/produkt\/bodendiele-farbton-minor\/#primaryimage\",\"url\":\"https:\/\/revesen.de\/wp-content\/uploads\/2022\/01\/minor1.jpg\",\"contentUrl\":\"https:\/\/revesen.de\/wp-content\/uploads\/2022\/01\/minor1.jpg\",\"width\":913,\"height\":842},{\"@type\":\"BreadcrumbList\",\"@id\":\"https:\/\/revesen.de\/index.php\/produkt\/bodendiele-farbton-minor\/#breadcrumb\",\"itemListElement\":[{\"@type\":\"ListItem\",\"position\":1,\"name\":\"Strona g\u0142\u00f3wna\",\"item\":\"https:\/\/revesen.de\/\"},{\"@type\":\"ListItem\",\"position\":2,\"name\":\"Shop\",\"item\":\"https:\/\/revesen.de\/index.php\/shop\/\"},{\"@type\":\"ListItem\",\"position\":3,\"name\":\"Bodendiele \u2013 Farbton Minor\"}]},{\"@type\":\"WebSite\",\"@id\":\"https:\/\/revesen.de\/#website\",\"url\":\"https:\/\/revesen.de\/\",\"name\":\"Revesen - producent pod\u0142\u00f3g drewnianych - Nowy S\u0105cz, Gorlice\",\"description\":\"Producent wysokiej jako\u015bci pod\u0142\u00f3g drewnianych z najwy\u017cszej jako\u015bci drewna\",\"publisher\":{\"@id\":\"https:\/\/revesen.de\/#\/schema\/person\/0239b11af0fef7a3fce8892a684f3003\"},\"potentialAction\":[{\"@type\":\"SearchAction\",\"target\":{\"@type\":\"EntryPoint\",\"urlTemplate\":\"https:\/\/revesen.de\/?s={search_term_string}\"},\"query-input\":{\"@type\":\"PropertyValueSpecification\",\"valueRequired\":true,\"valueName\":\"search_term_string\"}}],\"inLanguage\":\"pl-PL\"},{\"@type\":[\"Person\",\"Organization\"],\"@id\":\"https:\/\/revesen.de\/#\/schema\/person\/0239b11af0fef7a3fce8892a684f3003\",\"name\":\"admin\",\"image\":{\"@type\":\"ImageObject\",\"inLanguage\":\"pl-PL\",\"@id\":\"https:\/\/revesen.de\/wp-content\/uploads\/2022\/02\/logo-ciemne.jpg\",\"url\":\"https:\/\/revesen.de\/wp-content\/uploads\/2022\/02\/logo-ciemne.jpg\",\"contentUrl\":\"https:\/\/revesen.de\/wp-content\/uploads\/2022\/02\/logo-ciemne.jpg\",\"width\":233,\"height\":180,\"caption\":\"admin\"},\"logo\":{\"@id\":\"https:\/\/revesen.de\/wp-content\/uploads\/2022\/02\/logo-ciemne.jpg\"},\"sameAs\":[\"http:\/\/revesen.de\"]}]}<\/script>\n<!-- \/ Yoast SEO plugin. -->","yoast_head_json":{"title":"Bodendiele \u2013 Farbton Minor - Revesen - producent pod\u0142\u00f3g drewnianych","description":"Braun-bernsteinfarbene Diele mit \u00c4sten und nat\u00fcrlicher Maserung \u2013 verleiht dem Raum W\u00e4rme und unterstreicht den individuellen Wohnstil.","robots":{"index":"index","follow":"follow","max-snippet":"max-snippet:-1","max-image-preview":"max-image-preview:large","max-video-preview":"max-video-preview:-1"},"canonical":"https:\/\/revesen.de\/index.php\/produkt\/bodendiele-farbton-minor\/","og_locale":"pl_PL","og_type":"article","og_title":"Bodendiele \u2013 Farbton Minor - Revesen - producent pod\u0142\u00f3g drewnianych","og_description":"Braun-bernsteinfarbene Diele mit \u00c4sten und nat\u00fcrlicher Maserung \u2013 verleiht dem Raum W\u00e4rme und unterstreicht den individuellen Wohnstil.","og_url":"https:\/\/revesen.de\/index.php\/produkt\/bodendiele-farbton-minor\/","og_site_name":"Revesen - producent pod\u0142\u00f3g drewnianych","article_modified_time":"2025-05-26T08:49:39+00:00","og_image":[{"width":913,"height":842,"url":"https:\/\/revesen.de\/wp-content\/uploads\/2022\/01\/minor1.jpg","type":"image\/jpeg"}],"twitter_card":"summary_large_image","twitter_misc":{"Szacowany czas czytania":"1 minuta"},"schema":{"@context":"https:\/\/schema.org","@graph":[{"@type":"WebPage","@id":"https:\/\/revesen.de\/index.php\/produkt\/bodendiele-farbton-minor\/","url":"https:\/\/revesen.de\/index.php\/produkt\/bodendiele-farbton-minor\/","name":"Bodendiele \u2013 Farbton Minor - Revesen - producent pod\u0142\u00f3g drewnianych","isPartOf":{"@id":"https:\/\/revesen.de\/#website"},"primaryImageOfPage":{"@id":"https:\/\/revesen.de\/index.php\/produkt\/bodendiele-farbton-minor\/#primaryimage"},"image":{"@id":"https:\/\/revesen.de\/index.php\/produkt\/bodendiele-farbton-minor\/#primaryimage"},"thumbnailUrl":"https:\/\/revesen.de\/wp-content\/uploads\/2022\/01\/minor1.jpg","datePublished":"2022-01-26T19:25:11+00:00","dateModified":"2025-05-26T08:49:39+00:00","description":"Braun-bernsteinfarbene Diele mit \u00c4sten und nat\u00fcrlicher Maserung \u2013 verleiht dem Raum W\u00e4rme und unterstreicht den individuellen Wohnstil.","breadcrumb":{"@id":"https:\/\/revesen.de\/index.php\/produkt\/bodendiele-farbton-minor\/#breadcrumb"},"inLanguage":"pl-PL","potentialAction":[{"@type":"ReadAction","target":["https:\/\/revesen.de\/index.php\/produkt\/bodendiele-farbton-minor\/"]}]},{"@type":"ImageObject","inLanguage":"pl-PL","@id":"https:\/\/revesen.de\/index.php\/produkt\/bodendiele-farbton-minor\/#primaryimage","url":"https:\/\/revesen.de\/wp-content\/uploads\/2022\/01\/minor1.jpg","contentUrl":"https:\/\/revesen.de\/wp-content\/uploads\/2022\/01\/minor1.jpg","width":913,"height":842},{"@type":"BreadcrumbList","@id":"https:\/\/revesen.de\/index.php\/produkt\/bodendiele-farbton-minor\/#breadcrumb","itemListElement":[{"@type":"ListItem","position":1,"name":"Strona g\u0142\u00f3wna","item":"https:\/\/revesen.de\/"},{"@type":"ListItem","position":2,"name":"Shop","item":"https:\/\/revesen.de\/index.php\/shop\/"},{"@type":"ListItem","position":3,"name":"Bodendiele \u2013 Farbton Minor"}]},{"@type":"WebSite","@id":"https:\/\/revesen.de\/#website","url":"https:\/\/revesen.de\/","name":"Revesen - producent pod\u0142\u00f3g drewnianych - Nowy S\u0105cz, Gorlice","description":"Producent wysokiej jako\u015bci pod\u0142\u00f3g drewnianych z najwy\u017cszej jako\u015bci drewna","publisher":{"@id":"https:\/\/revesen.de\/#\/schema\/person\/0239b11af0fef7a3fce8892a684f3003"},"potentialAction":[{"@type":"SearchAction","target":{"@type":"EntryPoint","urlTemplate":"https:\/\/revesen.de\/?s={search_term_string}"},"query-input":{"@type":"PropertyValueSpecification","valueRequired":true,"valueName":"search_term_string"}}],"inLanguage":"pl-PL"},{"@type":["Person","Organization"],"@id":"https:\/\/revesen.de\/#\/schema\/person\/0239b11af0fef7a3fce8892a684f3003","name":"admin","image":{"@type":"ImageObject","inLanguage":"pl-PL","@id":"https:\/\/revesen.de\/wp-content\/uploads\/2022\/02\/logo-ciemne.jpg","url":"https:\/\/revesen.de\/wp-content\/uploads\/2022\/02\/logo-ciemne.jpg","contentUrl":"https:\/\/revesen.de\/wp-content\/uploads\/2022\/02\/logo-ciemne.jpg","width":233,"height":180,"caption":"admin"},"logo":{"@id":"https:\/\/revesen.de\/wp-content\/uploads\/2022\/02\/logo-ciemne.jpg"},"sameAs":["http:\/\/revesen.de"]}]}},"_links":{"self":[{"href":"https:\/\/revesen.de\/index.php\/wp-json\/wp\/v2\/product\/2805","targetHints":{"allow":["GET"]}}],"collection":[{"href":"https:\/\/revesen.de\/index.php\/wp-json\/wp\/v2\/product"}],"about":[{"href":"https:\/\/revesen.de\/index.php\/wp-json\/wp\/v2\/types\/product"}],"replies":[{"embeddable":true,"href":"https:\/\/revesen.de\/index.php\/wp-json\/wp\/v2\/comments?post=2805"}],"wp:featuredmedia":[{"embeddable":true,"href":"https:\/\/revesen.de\/index.php\/wp-json\/wp\/v2\/media\/2812"}],"wp:attachment":[{"href":"https:\/\/revesen.de\/index.php\/wp-json\/wp\/v2\/media?parent=2805"}],"wp:term":[{"taxonomy":"product_brand","embeddable":true,"href":"https:\/\/revesen.de\/index.php\/wp-json\/wp\/v2\/product_brand?post=2805"},{"taxonomy":"product_cat","embeddable":true,"href":"https:\/\/revesen.de\/index.php\/wp-json\/wp\/v2\/product_cat?post=2805"},{"taxonomy":"product_tag","embeddable":true,"href":"https:\/\/revesen.de\/index.php\/wp-json\/wp\/v2\/product_tag?post=2805"}],"curies":[{"name":"wp","href":"https:\/\/api.w.org\/{rel}","templated":true}]}}

<p>Jedes Haus hat seinen eigenen Stil und die richtige Wahl des Bodenbelags unterstreicht seine Vorzüge. Die braun-bernsteinfarbene Platte verleiht dem Raum Wärme, während die Äste und die natürliche Maserung die Inneneinrichtung bereichern.</p>

<p>Jedes Haus hat seinen eigenen Stil und die richtige Wahl des Bodenbelags unterstreicht seine Vorzüge. Die braun-bernsteinfarbene Platte verleiht dem Raum Wärme, während die Äste und die natürliche Maserung die Inneneinrichtung bereichern.[fusion_button link="http://revesen.de/index.php/2022/06/15/minor/" title="" target="_self" link_attributes="" alignment_medium="" alignment_small="" alignment="" modal="" hide_on_mobile="small-visibility,medium-visibility,large-visibility" sticky_display="normal,sticky" class="" id="" color="default" button_gradient_top_color="" hue="" saturation="" lightness="" alpha="" button_gradient_bottom_color="" button_gradient_top_color_hover="" button_gradient_bottom_color_hover="" gradient_start_position="" gradient_end_position="" gradient_type="" radial_direction="" linear_angle="180" accent_color="" accent_hover_color="" type="" bevel_color="" bevel_color_hover="" border_top="" border_right="" border_bottom="" border_left="" border_radius_top_left="" border_radius_top_right="" border_radius_bottom_right="" border_radius_bottom_left="" border_color="" border_hover_color="" size="xlarge" padding_top="" padding_right="" padding_bottom="" padding_left="" fusion_font_family_button_font="" fusion_font_variant_button_font="" font_size="" line_height="" letter_spacing="" text_transform="" stretch="default" margin_top="" margin_right="" margin_bottom="" margin_left="" icon="" icon_position="left" icon_divider="no" animation_type="" animation_direction="left" animation_speed="0.3" animation_offset=""]Projekte[/fusion_button]</p>

<!-- This site is optimized with the Yoast SEO plugin v27.2 - https://yoast.com/product/yoast-seo-wordpress/ -->
<title>Bodendiele – Farbton Minor - Revesen - producent podłóg drewnianych</title>
<meta name="description" content="Braun-bernsteinfarbene Diele mit Ästen und natürlicher Maserung – verleiht dem Raum Wärme und unterstreicht den individuellen Wohnstil." />
<meta name="robots" content="index, follow, max-snippet:-1, max-image-preview:large, max-video-preview:-1" />
<link rel="canonical" href="https://revesen.de/index.php/produkt/bodendiele-farbton-minor/" />
<meta property="og:locale" content="pl_PL" />
<meta property="og:type" content="article" />
<meta property="og:title" content="Bodendiele – Farbton Minor - Revesen - producent podłóg drewnianych" />
<meta property="og:description" content="Braun-bernsteinfarbene Diele mit Ästen und natürlicher Maserung – verleiht dem Raum Wärme und unterstreicht den individuellen Wohnstil." />
<meta property="og:url" content="https://revesen.de/index.php/produkt/bodendiele-farbton-minor/" />
<meta property="og:site_name" content="Revesen - producent podłóg drewnianych" />
<meta property="article:modified_time" content="2025-05-26T08:49:39+00:00" />
<meta property="og:image" content="https://revesen.de/wp-content/uploads/2022/01/minor1.jpg" />
	<meta property="og:image:width" content="913" />
	<meta property="og:image:height" content="842" />
	<meta property="og:image:type" content="image/jpeg" />
<meta name="twitter:card" content="summary_large_image" />
<meta name="twitter:label1" content="Szacowany czas czytania" />
	<meta name="twitter:data1" content="1 minuta" />
<script type="application/ld+json" class="yoast-schema-graph">{"@context":"https://schema.org","@graph":[{"@type":"WebPage","@id":"https://revesen.de/index.php/produkt/bodendiele-farbton-minor/","url":"https://revesen.de/index.php/produkt/bodendiele-farbton-minor/","name":"Bodendiele – Farbton Minor - Revesen - producent podłóg drewnianych","isPartOf":{"@id":"https://revesen.de/#website"},"primaryImageOfPage":{"@id":"https://revesen.de/index.php/produkt/bodendiele-farbton-minor/#primaryimage"},"image":{"@id":"https://revesen.de/index.php/produkt/bodendiele-farbton-minor/#primaryimage"},"thumbnailUrl":"https://revesen.de/wp-content/uploads/2022/01/minor1.jpg","datePublished":"2022-01-26T19:25:11+00:00","dateModified":"2025-05-26T08:49:39+00:00","description":"Braun-bernsteinfarbene Diele mit Ästen und natürlicher Maserung – verleiht dem Raum Wärme und unterstreicht den individuellen Wohnstil.","breadcrumb":{"@id":"https://revesen.de/index.php/produkt/bodendiele-farbton-minor/#breadcrumb"},"inLanguage":"pl-PL","potentialAction":[{"@type":"ReadAction","target":["https://revesen.de/index.php/produkt/bodendiele-farbton-minor/"]}]},{"@type":"ImageObject","inLanguage":"pl-PL","@id":"https://revesen.de/index.php/produkt/bodendiele-farbton-minor/#primaryimage","url":"https://revesen.de/wp-content/uploads/2022/01/minor1.jpg","contentUrl":"https://revesen.de/wp-content/uploads/2022/01/minor1.jpg","width":913,"height":842},{"@type":"BreadcrumbList","@id":"https://revesen.de/index.php/produkt/bodendiele-farbton-minor/#breadcrumb","itemListElement":[{"@type":"ListItem","position":1,"name":"Strona główna","item":"https://revesen.de/"},{"@type":"ListItem","position":2,"name":"Shop","item":"https://revesen.de/index.php/shop/"},{"@type":"ListItem","position":3,"name":"Bodendiele – Farbton Minor"}]},{"@type":"WebSite","@id":"https://revesen.de/#website","url":"https://revesen.de/","name":"Revesen - producent podłóg drewnianych - Nowy Sącz, Gorlice","description":"Producent wysokiej jakości podłóg drewnianych z najwyższej jakości drewna","publisher":{"@id":"https://revesen.de/#/schema/person/0239b11af0fef7a3fce8892a684f3003"},"potentialAction":[{"@type":"SearchAction","target":{"@type":"EntryPoint","urlTemplate":"https://revesen.de/?s={search_term_string}"},"query-input":{"@type":"PropertyValueSpecification","valueRequired":true,"valueName":"search_term_string"}}],"inLanguage":"pl-PL"},{"@type":["Person","Organization"],"@id":"https://revesen.de/#/schema/person/0239b11af0fef7a3fce8892a684f3003","name":"admin","image":{"@type":"ImageObject","inLanguage":"pl-PL","@id":"https://revesen.de/wp-content/uploads/2022/02/logo-ciemne.jpg","url":"https://revesen.de/wp-content/uploads/2022/02/logo-ciemne.jpg","contentUrl":"https://revesen.de/wp-content/uploads/2022/02/logo-ciemne.jpg","width":233,"height":180,"caption":"admin"},"logo":{"@id":"https://revesen.de/wp-content/uploads/2022/02/logo-ciemne.jpg"},"sameAs":["http://revesen.de"]}]}</script>
<!-- / Yoast SEO plugin. -->

Bodendiele – Farbton Minor - Revesen - producent podłóg drewnianych

Braun-bernsteinfarbene Diele mit Ästen und natürlicher Maserung – verleiht dem Raum Wärme und unterstreicht den individuellen Wohnstil.

Revesen - producent podłóg drewnianych

Strona główna

Revesen - producent podłóg drewnianych - Nowy Sącz, Gorlice

Producent wysokiej jakości podłóg drewnianych z najwyższej jakości drewna
