{"id":2895,"date":"2022-01-26T19:41:06","date_gmt":"2022-01-26T19:41:06","guid":{"rendered":"http:\/\/revesen.de\/?post_type=product&#038;p=2895"},"modified":"2025-05-26T08:28:24","modified_gmt":"2025-05-26T08:28:24","slug":"bodendiele-farbton-terra","status":"publish","type":"product","link":"https:\/\/revesen.de\/index.php\/produkt\/bodendiele-farbton-terra\/","title":{"rendered":"Bodendiele \u2013 Farbton Terra"},"content":{"rendered":"<p>Die Platte ist ein ideales Material, das sich in jeden Einrichtungsstil integrieren l\u00e4sst. Dieses braune Brett mit klarer Maserung wird den Charakter des Innenraums perfekt unterstreichen.<\/p>\n","protected":false},"excerpt":{"rendered":"<p>Die Platte ist ein ideales Material, das sich in jeden Einrichtungsstil integrieren l\u00e4sst. Dieses braune Brett mit klarer Maserung wird den Charakter des Innenraums perfekt unterstreichen.<\/p>\n","protected":false},"featured_media":2900,"comment_status":"open","ping_status":"closed","template":"","meta":[],"product_brand":[],"product_cat":[59],"product_tag":[],"class_list":{"0":"post-2895","1":"product","2":"type-product","3":"status-publish","4":"has-post-thumbnail","6":"product_cat-home-kollektion","8":"first","9":"instock","10":"virtual","11":"product-type-simple"},"yoast_head":"<!-- This site is optimized with the Yoast SEO plugin v27.2 - https:\/\/yoast.com\/product\/yoast-seo-wordpress\/ -->\n<title>Bodendiele \u2013 Farbton Terra - Revesen - producent pod\u0142\u00f3g drewnianych<\/title>\n<meta name=\"description\" content=\"Die braune Diele mit klarer Maserung passt zu jedem Stil und verleiht dem Raum Charakter und nat\u00fcrliche Eleganz.\" \/>\n<meta name=\"robots\" content=\"index, follow, max-snippet:-1, max-image-preview:large, max-video-preview:-1\" \/>\n<link rel=\"canonical\" href=\"https:\/\/revesen.de\/index.php\/produkt\/bodendiele-farbton-terra\/\" \/>\n<meta property=\"og:locale\" content=\"pl_PL\" \/>\n<meta property=\"og:type\" content=\"article\" \/>\n<meta property=\"og:title\" content=\"Bodendiele \u2013 Farbton Terra - Revesen - producent pod\u0142\u00f3g drewnianych\" \/>\n<meta property=\"og:description\" content=\"Die braune Diele mit klarer Maserung passt zu jedem Stil und verleiht dem Raum Charakter und nat\u00fcrliche Eleganz.\" \/>\n<meta property=\"og:url\" content=\"https:\/\/revesen.de\/index.php\/produkt\/bodendiele-farbton-terra\/\" \/>\n<meta property=\"og:site_name\" content=\"Revesen - producent pod\u0142\u00f3g drewnianych\" \/>\n<meta property=\"article:modified_time\" content=\"2025-05-26T08:28:24+00:00\" \/>\n<meta property=\"og:image\" content=\"https:\/\/revesen.de\/wp-content\/uploads\/2022\/01\/terra1.jpg\" \/>\n\t<meta property=\"og:image:width\" content=\"913\" \/>\n\t<meta property=\"og:image:height\" content=\"842\" \/>\n\t<meta property=\"og:image:type\" content=\"image\/jpeg\" \/>\n<meta name=\"twitter:card\" content=\"summary_large_image\" \/>\n<meta name=\"twitter:label1\" content=\"Szacowany czas czytania\" \/>\n\t<meta name=\"twitter:data1\" content=\"1 minuta\" \/>\n<script type=\"application\/ld+json\" class=\"yoast-schema-graph\">{\"@context\":\"https:\/\/schema.org\",\"@graph\":[{\"@type\":\"WebPage\",\"@id\":\"https:\/\/revesen.de\/index.php\/produkt\/bodendiele-farbton-terra\/\",\"url\":\"https:\/\/revesen.de\/index.php\/produkt\/bodendiele-farbton-terra\/\",\"name\":\"Bodendiele \u2013 Farbton Terra - Revesen - producent pod\u0142\u00f3g drewnianych\",\"isPartOf\":{\"@id\":\"https:\/\/revesen.de\/#website\"},\"primaryImageOfPage\":{\"@id\":\"https:\/\/revesen.de\/index.php\/produkt\/bodendiele-farbton-terra\/#primaryimage\"},\"image\":{\"@id\":\"https:\/\/revesen.de\/index.php\/produkt\/bodendiele-farbton-terra\/#primaryimage\"},\"thumbnailUrl\":\"https:\/\/revesen.de\/wp-content\/uploads\/2022\/01\/terra1.jpg\",\"datePublished\":\"2022-01-26T19:41:06+00:00\",\"dateModified\":\"2025-05-26T08:28:24+00:00\",\"description\":\"Die braune Diele mit klarer Maserung passt zu jedem Stil und verleiht dem Raum Charakter und nat\u00fcrliche Eleganz.\",\"breadcrumb\":{\"@id\":\"https:\/\/revesen.de\/index.php\/produkt\/bodendiele-farbton-terra\/#breadcrumb\"},\"inLanguage\":\"pl-PL\",\"potentialAction\":[{\"@type\":\"ReadAction\",\"target\":[\"https:\/\/revesen.de\/index.php\/produkt\/bodendiele-farbton-terra\/\"]}]},{\"@type\":\"ImageObject\",\"inLanguage\":\"pl-PL\",\"@id\":\"https:\/\/revesen.de\/index.php\/produkt\/bodendiele-farbton-terra\/#primaryimage\",\"url\":\"https:\/\/revesen.de\/wp-content\/uploads\/2022\/01\/terra1.jpg\",\"contentUrl\":\"https:\/\/revesen.de\/wp-content\/uploads\/2022\/01\/terra1.jpg\",\"width\":913,\"height\":842},{\"@type\":\"BreadcrumbList\",\"@id\":\"https:\/\/revesen.de\/index.php\/produkt\/bodendiele-farbton-terra\/#breadcrumb\",\"itemListElement\":[{\"@type\":\"ListItem\",\"position\":1,\"name\":\"Strona g\u0142\u00f3wna\",\"item\":\"https:\/\/revesen.de\/\"},{\"@type\":\"ListItem\",\"position\":2,\"name\":\"Shop\",\"item\":\"https:\/\/revesen.de\/index.php\/shop\/\"},{\"@type\":\"ListItem\",\"position\":3,\"name\":\"Bodendiele \u2013 Farbton Terra\"}]},{\"@type\":\"WebSite\",\"@id\":\"https:\/\/revesen.de\/#website\",\"url\":\"https:\/\/revesen.de\/\",\"name\":\"Revesen - producent pod\u0142\u00f3g drewnianych - Nowy S\u0105cz, Gorlice\",\"description\":\"Producent wysokiej jako\u015bci pod\u0142\u00f3g drewnianych z najwy\u017cszej jako\u015bci drewna\",\"publisher\":{\"@id\":\"https:\/\/revesen.de\/#\/schema\/person\/0239b11af0fef7a3fce8892a684f3003\"},\"potentialAction\":[{\"@type\":\"SearchAction\",\"target\":{\"@type\":\"EntryPoint\",\"urlTemplate\":\"https:\/\/revesen.de\/?s={search_term_string}\"},\"query-input\":{\"@type\":\"PropertyValueSpecification\",\"valueRequired\":true,\"valueName\":\"search_term_string\"}}],\"inLanguage\":\"pl-PL\"},{\"@type\":[\"Person\",\"Organization\"],\"@id\":\"https:\/\/revesen.de\/#\/schema\/person\/0239b11af0fef7a3fce8892a684f3003\",\"name\":\"admin\",\"image\":{\"@type\":\"ImageObject\",\"inLanguage\":\"pl-PL\",\"@id\":\"https:\/\/revesen.de\/wp-content\/uploads\/2022\/02\/logo-ciemne.jpg\",\"url\":\"https:\/\/revesen.de\/wp-content\/uploads\/2022\/02\/logo-ciemne.jpg\",\"contentUrl\":\"https:\/\/revesen.de\/wp-content\/uploads\/2022\/02\/logo-ciemne.jpg\",\"width\":233,\"height\":180,\"caption\":\"admin\"},\"logo\":{\"@id\":\"https:\/\/revesen.de\/wp-content\/uploads\/2022\/02\/logo-ciemne.jpg\"},\"sameAs\":[\"http:\/\/revesen.de\"]}]}<\/script>\n<!-- \/ Yoast SEO plugin. -->","yoast_head_json":{"title":"Bodendiele \u2013 Farbton Terra - Revesen - producent pod\u0142\u00f3g drewnianych","description":"Die braune Diele mit klarer Maserung passt zu jedem Stil und verleiht dem Raum Charakter und nat\u00fcrliche Eleganz.","robots":{"index":"index","follow":"follow","max-snippet":"max-snippet:-1","max-image-preview":"max-image-preview:large","max-video-preview":"max-video-preview:-1"},"canonical":"https:\/\/revesen.de\/index.php\/produkt\/bodendiele-farbton-terra\/","og_locale":"pl_PL","og_type":"article","og_title":"Bodendiele \u2013 Farbton Terra - Revesen - producent pod\u0142\u00f3g drewnianych","og_description":"Die braune Diele mit klarer Maserung passt zu jedem Stil und verleiht dem Raum Charakter und nat\u00fcrliche Eleganz.","og_url":"https:\/\/revesen.de\/index.php\/produkt\/bodendiele-farbton-terra\/","og_site_name":"Revesen - producent pod\u0142\u00f3g drewnianych","article_modified_time":"2025-05-26T08:28:24+00:00","og_image":[{"width":913,"height":842,"url":"https:\/\/revesen.de\/wp-content\/uploads\/2022\/01\/terra1.jpg","type":"image\/jpeg"}],"twitter_card":"summary_large_image","twitter_misc":{"Szacowany czas czytania":"1 minuta"},"schema":{"@context":"https:\/\/schema.org","@graph":[{"@type":"WebPage","@id":"https:\/\/revesen.de\/index.php\/produkt\/bodendiele-farbton-terra\/","url":"https:\/\/revesen.de\/index.php\/produkt\/bodendiele-farbton-terra\/","name":"Bodendiele \u2013 Farbton Terra - Revesen - producent pod\u0142\u00f3g drewnianych","isPartOf":{"@id":"https:\/\/revesen.de\/#website"},"primaryImageOfPage":{"@id":"https:\/\/revesen.de\/index.php\/produkt\/bodendiele-farbton-terra\/#primaryimage"},"image":{"@id":"https:\/\/revesen.de\/index.php\/produkt\/bodendiele-farbton-terra\/#primaryimage"},"thumbnailUrl":"https:\/\/revesen.de\/wp-content\/uploads\/2022\/01\/terra1.jpg","datePublished":"2022-01-26T19:41:06+00:00","dateModified":"2025-05-26T08:28:24+00:00","description":"Die braune Diele mit klarer Maserung passt zu jedem Stil und verleiht dem Raum Charakter und nat\u00fcrliche Eleganz.","breadcrumb":{"@id":"https:\/\/revesen.de\/index.php\/produkt\/bodendiele-farbton-terra\/#breadcrumb"},"inLanguage":"pl-PL","potentialAction":[{"@type":"ReadAction","target":["https:\/\/revesen.de\/index.php\/produkt\/bodendiele-farbton-terra\/"]}]},{"@type":"ImageObject","inLanguage":"pl-PL","@id":"https:\/\/revesen.de\/index.php\/produkt\/bodendiele-farbton-terra\/#primaryimage","url":"https:\/\/revesen.de\/wp-content\/uploads\/2022\/01\/terra1.jpg","contentUrl":"https:\/\/revesen.de\/wp-content\/uploads\/2022\/01\/terra1.jpg","width":913,"height":842},{"@type":"BreadcrumbList","@id":"https:\/\/revesen.de\/index.php\/produkt\/bodendiele-farbton-terra\/#breadcrumb","itemListElement":[{"@type":"ListItem","position":1,"name":"Strona g\u0142\u00f3wna","item":"https:\/\/revesen.de\/"},{"@type":"ListItem","position":2,"name":"Shop","item":"https:\/\/revesen.de\/index.php\/shop\/"},{"@type":"ListItem","position":3,"name":"Bodendiele \u2013 Farbton Terra"}]},{"@type":"WebSite","@id":"https:\/\/revesen.de\/#website","url":"https:\/\/revesen.de\/","name":"Revesen - producent pod\u0142\u00f3g drewnianych - Nowy S\u0105cz, Gorlice","description":"Producent wysokiej jako\u015bci pod\u0142\u00f3g drewnianych z najwy\u017cszej jako\u015bci drewna","publisher":{"@id":"https:\/\/revesen.de\/#\/schema\/person\/0239b11af0fef7a3fce8892a684f3003"},"potentialAction":[{"@type":"SearchAction","target":{"@type":"EntryPoint","urlTemplate":"https:\/\/revesen.de\/?s={search_term_string}"},"query-input":{"@type":"PropertyValueSpecification","valueRequired":true,"valueName":"search_term_string"}}],"inLanguage":"pl-PL"},{"@type":["Person","Organization"],"@id":"https:\/\/revesen.de\/#\/schema\/person\/0239b11af0fef7a3fce8892a684f3003","name":"admin","image":{"@type":"ImageObject","inLanguage":"pl-PL","@id":"https:\/\/revesen.de\/wp-content\/uploads\/2022\/02\/logo-ciemne.jpg","url":"https:\/\/revesen.de\/wp-content\/uploads\/2022\/02\/logo-ciemne.jpg","contentUrl":"https:\/\/revesen.de\/wp-content\/uploads\/2022\/02\/logo-ciemne.jpg","width":233,"height":180,"caption":"admin"},"logo":{"@id":"https:\/\/revesen.de\/wp-content\/uploads\/2022\/02\/logo-ciemne.jpg"},"sameAs":["http:\/\/revesen.de"]}]}},"_links":{"self":[{"href":"https:\/\/revesen.de\/index.php\/wp-json\/wp\/v2\/product\/2895","targetHints":{"allow":["GET"]}}],"collection":[{"href":"https:\/\/revesen.de\/index.php\/wp-json\/wp\/v2\/product"}],"about":[{"href":"https:\/\/revesen.de\/index.php\/wp-json\/wp\/v2\/types\/product"}],"replies":[{"embeddable":true,"href":"https:\/\/revesen.de\/index.php\/wp-json\/wp\/v2\/comments?post=2895"}],"wp:featuredmedia":[{"embeddable":true,"href":"https:\/\/revesen.de\/index.php\/wp-json\/wp\/v2\/media\/2900"}],"wp:attachment":[{"href":"https:\/\/revesen.de\/index.php\/wp-json\/wp\/v2\/media?parent=2895"}],"wp:term":[{"taxonomy":"product_brand","embeddable":true,"href":"https:\/\/revesen.de\/index.php\/wp-json\/wp\/v2\/product_brand?post=2895"},{"taxonomy":"product_cat","embeddable":true,"href":"https:\/\/revesen.de\/index.php\/wp-json\/wp\/v2\/product_cat?post=2895"},{"taxonomy":"product_tag","embeddable":true,"href":"https:\/\/revesen.de\/index.php\/wp-json\/wp\/v2\/product_tag?post=2895"}],"curies":[{"name":"wp","href":"https:\/\/api.w.org\/{rel}","templated":true}]}}

<p>Die Platte ist ein ideales Material, das sich in jeden Einrichtungsstil integrieren lässt. Dieses braune Brett mit klarer Maserung wird den Charakter des Innenraums perfekt unterstreichen.</p>

<!-- This site is optimized with the Yoast SEO plugin v27.2 - https://yoast.com/product/yoast-seo-wordpress/ -->
<title>Bodendiele – Farbton Terra - Revesen - producent podłóg drewnianych</title>
<meta name="description" content="Die braune Diele mit klarer Maserung passt zu jedem Stil und verleiht dem Raum Charakter und natürliche Eleganz." />
<meta name="robots" content="index, follow, max-snippet:-1, max-image-preview:large, max-video-preview:-1" />
<link rel="canonical" href="https://revesen.de/index.php/produkt/bodendiele-farbton-terra/" />
<meta property="og:locale" content="pl_PL" />
<meta property="og:type" content="article" />
<meta property="og:title" content="Bodendiele – Farbton Terra - Revesen - producent podłóg drewnianych" />
<meta property="og:description" content="Die braune Diele mit klarer Maserung passt zu jedem Stil und verleiht dem Raum Charakter und natürliche Eleganz." />
<meta property="og:url" content="https://revesen.de/index.php/produkt/bodendiele-farbton-terra/" />
<meta property="og:site_name" content="Revesen - producent podłóg drewnianych" />
<meta property="article:modified_time" content="2025-05-26T08:28:24+00:00" />
<meta property="og:image" content="https://revesen.de/wp-content/uploads/2022/01/terra1.jpg" />
	<meta property="og:image:width" content="913" />
	<meta property="og:image:height" content="842" />
	<meta property="og:image:type" content="image/jpeg" />
<meta name="twitter:card" content="summary_large_image" />
<meta name="twitter:label1" content="Szacowany czas czytania" />
	<meta name="twitter:data1" content="1 minuta" />
<script type="application/ld+json" class="yoast-schema-graph">{"@context":"https://schema.org","@graph":[{"@type":"WebPage","@id":"https://revesen.de/index.php/produkt/bodendiele-farbton-terra/","url":"https://revesen.de/index.php/produkt/bodendiele-farbton-terra/","name":"Bodendiele – Farbton Terra - Revesen - producent podłóg drewnianych","isPartOf":{"@id":"https://revesen.de/#website"},"primaryImageOfPage":{"@id":"https://revesen.de/index.php/produkt/bodendiele-farbton-terra/#primaryimage"},"image":{"@id":"https://revesen.de/index.php/produkt/bodendiele-farbton-terra/#primaryimage"},"thumbnailUrl":"https://revesen.de/wp-content/uploads/2022/01/terra1.jpg","datePublished":"2022-01-26T19:41:06+00:00","dateModified":"2025-05-26T08:28:24+00:00","description":"Die braune Diele mit klarer Maserung passt zu jedem Stil und verleiht dem Raum Charakter und natürliche Eleganz.","breadcrumb":{"@id":"https://revesen.de/index.php/produkt/bodendiele-farbton-terra/#breadcrumb"},"inLanguage":"pl-PL","potentialAction":[{"@type":"ReadAction","target":["https://revesen.de/index.php/produkt/bodendiele-farbton-terra/"]}]},{"@type":"ImageObject","inLanguage":"pl-PL","@id":"https://revesen.de/index.php/produkt/bodendiele-farbton-terra/#primaryimage","url":"https://revesen.de/wp-content/uploads/2022/01/terra1.jpg","contentUrl":"https://revesen.de/wp-content/uploads/2022/01/terra1.jpg","width":913,"height":842},{"@type":"BreadcrumbList","@id":"https://revesen.de/index.php/produkt/bodendiele-farbton-terra/#breadcrumb","itemListElement":[{"@type":"ListItem","position":1,"name":"Strona główna","item":"https://revesen.de/"},{"@type":"ListItem","position":2,"name":"Shop","item":"https://revesen.de/index.php/shop/"},{"@type":"ListItem","position":3,"name":"Bodendiele – Farbton Terra"}]},{"@type":"WebSite","@id":"https://revesen.de/#website","url":"https://revesen.de/","name":"Revesen - producent podłóg drewnianych - Nowy Sącz, Gorlice","description":"Producent wysokiej jakości podłóg drewnianych z najwyższej jakości drewna","publisher":{"@id":"https://revesen.de/#/schema/person/0239b11af0fef7a3fce8892a684f3003"},"potentialAction":[{"@type":"SearchAction","target":{"@type":"EntryPoint","urlTemplate":"https://revesen.de/?s={search_term_string}"},"query-input":{"@type":"PropertyValueSpecification","valueRequired":true,"valueName":"search_term_string"}}],"inLanguage":"pl-PL"},{"@type":["Person","Organization"],"@id":"https://revesen.de/#/schema/person/0239b11af0fef7a3fce8892a684f3003","name":"admin","image":{"@type":"ImageObject","inLanguage":"pl-PL","@id":"https://revesen.de/wp-content/uploads/2022/02/logo-ciemne.jpg","url":"https://revesen.de/wp-content/uploads/2022/02/logo-ciemne.jpg","contentUrl":"https://revesen.de/wp-content/uploads/2022/02/logo-ciemne.jpg","width":233,"height":180,"caption":"admin"},"logo":{"@id":"https://revesen.de/wp-content/uploads/2022/02/logo-ciemne.jpg"},"sameAs":["http://revesen.de"]}]}</script>
<!-- / Yoast SEO plugin. -->

Bodendiele – Farbton Terra - Revesen - producent podłóg drewnianych

Die braune Diele mit klarer Maserung passt zu jedem Stil und verleiht dem Raum Charakter und natürliche Eleganz.

Revesen - producent podłóg drewnianych

Strona główna

Revesen - producent podłóg drewnianych - Nowy Sącz, Gorlice

Producent wysokiej jakości podłóg drewnianych z najwyższej jakości drewna
