{"id":3129,"date":"2022-02-20T21:12:17","date_gmt":"2022-02-20T21:12:17","guid":{"rendered":"http:\/\/revesen.de\/?post_type=product&#038;p=3129"},"modified":"2025-05-26T07:37:54","modified_gmt":"2025-05-26T07:37:54","slug":"bodendiele-farbton-snow","status":"publish","type":"product","link":"https:\/\/revesen.de\/index.php\/produkt\/bodendiele-farbton-snow\/","title":{"rendered":"Bodendiele \u2013 Farbton Snow"},"content":{"rendered":"<p>Um Ihren R\u00e4umen ein modernes Aussehen zu verleihen, m\u00fcssen Sie das richtige Bodenbelagsmaterial ausw\u00e4hlen. Ein mattes Brett in hellen Beiget\u00f6nen, das in Ecru \u00fcbergeht, durchbricht die Routine der Inneneinrichtung und inspiriert Sie zu interessanten Inneneinrichtungen.<\/p>\n","protected":false},"excerpt":{"rendered":"<p>Um Ihren R\u00e4umen ein modernes Aussehen zu verleihen, m\u00fcssen Sie das richtige Bodenbelagsmaterial ausw\u00e4hlen. Ein mattes Brett in hellen Beiget\u00f6nen, das in Ecru \u00fcbergeht, durchbricht die Routine der Inneneinrichtung und inspiriert Sie zu interessanten Inneneinrichtungen.<\/p>\n","protected":false},"featured_media":3133,"comment_status":"closed","ping_status":"closed","template":"","meta":[],"product_brand":[],"product_cat":[69],"product_tag":[],"class_list":{"0":"post-3129","1":"product","2":"type-product","3":"status-publish","4":"has-post-thumbnail","6":"product_cat-vintage-kollektion","8":"first","9":"instock","10":"virtual","11":"product-type-simple"},"yoast_head":"<!-- This site is optimized with the Yoast SEO plugin v27.2 - https:\/\/yoast.com\/product\/yoast-seo-wordpress\/ -->\n<title>Bodendiele \u2013 Farbton Snow - Revesen - producent pod\u0142\u00f3g drewnianych<\/title>\n<meta name=\"description\" content=\"Die matte Fu\u00dfbodendiele von REVESEN in hellen Beige- und Ecru-T\u00f6nen ist die ideale Wahl f\u00fcr moderne Wohnr\u00e4ume. Durchbrechen Sie die Einrichtungsroutine und gestalten Sie mit REVESEN einzigartige Wohnkonzepte.\" \/>\n<meta name=\"robots\" content=\"index, follow, max-snippet:-1, max-image-preview:large, max-video-preview:-1\" \/>\n<link rel=\"canonical\" href=\"https:\/\/revesen.de\/index.php\/produkt\/bodendiele-farbton-snow\/\" \/>\n<meta property=\"og:locale\" content=\"pl_PL\" \/>\n<meta property=\"og:type\" content=\"article\" \/>\n<meta property=\"og:title\" content=\"Bodendiele \u2013 Farbton Snow - Revesen - producent pod\u0142\u00f3g drewnianych\" \/>\n<meta property=\"og:description\" content=\"Die matte Fu\u00dfbodendiele von REVESEN in hellen Beige- und Ecru-T\u00f6nen ist die ideale Wahl f\u00fcr moderne Wohnr\u00e4ume. Durchbrechen Sie die Einrichtungsroutine und gestalten Sie mit REVESEN einzigartige Wohnkonzepte.\" \/>\n<meta property=\"og:url\" content=\"https:\/\/revesen.de\/index.php\/produkt\/bodendiele-farbton-snow\/\" \/>\n<meta property=\"og:site_name\" content=\"Revesen - producent pod\u0142\u00f3g drewnianych\" \/>\n<meta property=\"article:modified_time\" content=\"2025-05-26T07:37:54+00:00\" \/>\n<meta property=\"og:image\" content=\"https:\/\/revesen.de\/wp-content\/uploads\/2022\/02\/snow.jpg\" \/>\n\t<meta property=\"og:image:width\" content=\"913\" \/>\n\t<meta property=\"og:image:height\" content=\"842\" \/>\n\t<meta property=\"og:image:type\" content=\"image\/jpeg\" \/>\n<meta name=\"twitter:card\" content=\"summary_large_image\" \/>\n<meta name=\"twitter:label1\" content=\"Szacowany czas czytania\" \/>\n\t<meta name=\"twitter:data1\" content=\"1 minuta\" \/>\n<script type=\"application\/ld+json\" class=\"yoast-schema-graph\">{\"@context\":\"https:\/\/schema.org\",\"@graph\":[{\"@type\":\"WebPage\",\"@id\":\"https:\/\/revesen.de\/index.php\/produkt\/bodendiele-farbton-snow\/\",\"url\":\"https:\/\/revesen.de\/index.php\/produkt\/bodendiele-farbton-snow\/\",\"name\":\"Bodendiele \u2013 Farbton Snow - Revesen - producent pod\u0142\u00f3g drewnianych\",\"isPartOf\":{\"@id\":\"https:\/\/revesen.de\/#website\"},\"primaryImageOfPage\":{\"@id\":\"https:\/\/revesen.de\/index.php\/produkt\/bodendiele-farbton-snow\/#primaryimage\"},\"image\":{\"@id\":\"https:\/\/revesen.de\/index.php\/produkt\/bodendiele-farbton-snow\/#primaryimage\"},\"thumbnailUrl\":\"https:\/\/revesen.de\/wp-content\/uploads\/2022\/02\/snow.jpg\",\"datePublished\":\"2022-02-20T21:12:17+00:00\",\"dateModified\":\"2025-05-26T07:37:54+00:00\",\"description\":\"Die matte Fu\u00dfbodendiele von REVESEN in hellen Beige- und Ecru-T\u00f6nen ist die ideale Wahl f\u00fcr moderne Wohnr\u00e4ume. Durchbrechen Sie die Einrichtungsroutine und gestalten Sie mit REVESEN einzigartige Wohnkonzepte.\",\"breadcrumb\":{\"@id\":\"https:\/\/revesen.de\/index.php\/produkt\/bodendiele-farbton-snow\/#breadcrumb\"},\"inLanguage\":\"pl-PL\",\"potentialAction\":[{\"@type\":\"ReadAction\",\"target\":[\"https:\/\/revesen.de\/index.php\/produkt\/bodendiele-farbton-snow\/\"]}]},{\"@type\":\"ImageObject\",\"inLanguage\":\"pl-PL\",\"@id\":\"https:\/\/revesen.de\/index.php\/produkt\/bodendiele-farbton-snow\/#primaryimage\",\"url\":\"https:\/\/revesen.de\/wp-content\/uploads\/2022\/02\/snow.jpg\",\"contentUrl\":\"https:\/\/revesen.de\/wp-content\/uploads\/2022\/02\/snow.jpg\",\"width\":913,\"height\":842},{\"@type\":\"BreadcrumbList\",\"@id\":\"https:\/\/revesen.de\/index.php\/produkt\/bodendiele-farbton-snow\/#breadcrumb\",\"itemListElement\":[{\"@type\":\"ListItem\",\"position\":1,\"name\":\"Strona g\u0142\u00f3wna\",\"item\":\"https:\/\/revesen.de\/\"},{\"@type\":\"ListItem\",\"position\":2,\"name\":\"Shop\",\"item\":\"https:\/\/revesen.de\/index.php\/shop\/\"},{\"@type\":\"ListItem\",\"position\":3,\"name\":\"Bodendiele \u2013 Farbton Snow\"}]},{\"@type\":\"WebSite\",\"@id\":\"https:\/\/revesen.de\/#website\",\"url\":\"https:\/\/revesen.de\/\",\"name\":\"Revesen - producent pod\u0142\u00f3g drewnianych - Nowy S\u0105cz, Gorlice\",\"description\":\"Producent wysokiej jako\u015bci pod\u0142\u00f3g drewnianych z najwy\u017cszej jako\u015bci drewna\",\"publisher\":{\"@id\":\"https:\/\/revesen.de\/#\/schema\/person\/0239b11af0fef7a3fce8892a684f3003\"},\"potentialAction\":[{\"@type\":\"SearchAction\",\"target\":{\"@type\":\"EntryPoint\",\"urlTemplate\":\"https:\/\/revesen.de\/?s={search_term_string}\"},\"query-input\":{\"@type\":\"PropertyValueSpecification\",\"valueRequired\":true,\"valueName\":\"search_term_string\"}}],\"inLanguage\":\"pl-PL\"},{\"@type\":[\"Person\",\"Organization\"],\"@id\":\"https:\/\/revesen.de\/#\/schema\/person\/0239b11af0fef7a3fce8892a684f3003\",\"name\":\"admin\",\"image\":{\"@type\":\"ImageObject\",\"inLanguage\":\"pl-PL\",\"@id\":\"https:\/\/revesen.de\/wp-content\/uploads\/2022\/02\/logo-ciemne.jpg\",\"url\":\"https:\/\/revesen.de\/wp-content\/uploads\/2022\/02\/logo-ciemne.jpg\",\"contentUrl\":\"https:\/\/revesen.de\/wp-content\/uploads\/2022\/02\/logo-ciemne.jpg\",\"width\":233,\"height\":180,\"caption\":\"admin\"},\"logo\":{\"@id\":\"https:\/\/revesen.de\/wp-content\/uploads\/2022\/02\/logo-ciemne.jpg\"},\"sameAs\":[\"http:\/\/revesen.de\"]}]}<\/script>\n<!-- \/ Yoast SEO plugin. -->","yoast_head_json":{"title":"Bodendiele \u2013 Farbton Snow - Revesen - producent pod\u0142\u00f3g drewnianych","description":"Die matte Fu\u00dfbodendiele von REVESEN in hellen Beige- und Ecru-T\u00f6nen ist die ideale Wahl f\u00fcr moderne Wohnr\u00e4ume. Durchbrechen Sie die Einrichtungsroutine und gestalten Sie mit REVESEN einzigartige Wohnkonzepte.","robots":{"index":"index","follow":"follow","max-snippet":"max-snippet:-1","max-image-preview":"max-image-preview:large","max-video-preview":"max-video-preview:-1"},"canonical":"https:\/\/revesen.de\/index.php\/produkt\/bodendiele-farbton-snow\/","og_locale":"pl_PL","og_type":"article","og_title":"Bodendiele \u2013 Farbton Snow - Revesen - producent pod\u0142\u00f3g drewnianych","og_description":"Die matte Fu\u00dfbodendiele von REVESEN in hellen Beige- und Ecru-T\u00f6nen ist die ideale Wahl f\u00fcr moderne Wohnr\u00e4ume. Durchbrechen Sie die Einrichtungsroutine und gestalten Sie mit REVESEN einzigartige Wohnkonzepte.","og_url":"https:\/\/revesen.de\/index.php\/produkt\/bodendiele-farbton-snow\/","og_site_name":"Revesen - producent pod\u0142\u00f3g drewnianych","article_modified_time":"2025-05-26T07:37:54+00:00","og_image":[{"width":913,"height":842,"url":"https:\/\/revesen.de\/wp-content\/uploads\/2022\/02\/snow.jpg","type":"image\/jpeg"}],"twitter_card":"summary_large_image","twitter_misc":{"Szacowany czas czytania":"1 minuta"},"schema":{"@context":"https:\/\/schema.org","@graph":[{"@type":"WebPage","@id":"https:\/\/revesen.de\/index.php\/produkt\/bodendiele-farbton-snow\/","url":"https:\/\/revesen.de\/index.php\/produkt\/bodendiele-farbton-snow\/","name":"Bodendiele \u2013 Farbton Snow - Revesen - producent pod\u0142\u00f3g drewnianych","isPartOf":{"@id":"https:\/\/revesen.de\/#website"},"primaryImageOfPage":{"@id":"https:\/\/revesen.de\/index.php\/produkt\/bodendiele-farbton-snow\/#primaryimage"},"image":{"@id":"https:\/\/revesen.de\/index.php\/produkt\/bodendiele-farbton-snow\/#primaryimage"},"thumbnailUrl":"https:\/\/revesen.de\/wp-content\/uploads\/2022\/02\/snow.jpg","datePublished":"2022-02-20T21:12:17+00:00","dateModified":"2025-05-26T07:37:54+00:00","description":"Die matte Fu\u00dfbodendiele von REVESEN in hellen Beige- und Ecru-T\u00f6nen ist die ideale Wahl f\u00fcr moderne Wohnr\u00e4ume. Durchbrechen Sie die Einrichtungsroutine und gestalten Sie mit REVESEN einzigartige Wohnkonzepte.","breadcrumb":{"@id":"https:\/\/revesen.de\/index.php\/produkt\/bodendiele-farbton-snow\/#breadcrumb"},"inLanguage":"pl-PL","potentialAction":[{"@type":"ReadAction","target":["https:\/\/revesen.de\/index.php\/produkt\/bodendiele-farbton-snow\/"]}]},{"@type":"ImageObject","inLanguage":"pl-PL","@id":"https:\/\/revesen.de\/index.php\/produkt\/bodendiele-farbton-snow\/#primaryimage","url":"https:\/\/revesen.de\/wp-content\/uploads\/2022\/02\/snow.jpg","contentUrl":"https:\/\/revesen.de\/wp-content\/uploads\/2022\/02\/snow.jpg","width":913,"height":842},{"@type":"BreadcrumbList","@id":"https:\/\/revesen.de\/index.php\/produkt\/bodendiele-farbton-snow\/#breadcrumb","itemListElement":[{"@type":"ListItem","position":1,"name":"Strona g\u0142\u00f3wna","item":"https:\/\/revesen.de\/"},{"@type":"ListItem","position":2,"name":"Shop","item":"https:\/\/revesen.de\/index.php\/shop\/"},{"@type":"ListItem","position":3,"name":"Bodendiele \u2013 Farbton Snow"}]},{"@type":"WebSite","@id":"https:\/\/revesen.de\/#website","url":"https:\/\/revesen.de\/","name":"Revesen - producent pod\u0142\u00f3g drewnianych - Nowy S\u0105cz, Gorlice","description":"Producent wysokiej jako\u015bci pod\u0142\u00f3g drewnianych z najwy\u017cszej jako\u015bci drewna","publisher":{"@id":"https:\/\/revesen.de\/#\/schema\/person\/0239b11af0fef7a3fce8892a684f3003"},"potentialAction":[{"@type":"SearchAction","target":{"@type":"EntryPoint","urlTemplate":"https:\/\/revesen.de\/?s={search_term_string}"},"query-input":{"@type":"PropertyValueSpecification","valueRequired":true,"valueName":"search_term_string"}}],"inLanguage":"pl-PL"},{"@type":["Person","Organization"],"@id":"https:\/\/revesen.de\/#\/schema\/person\/0239b11af0fef7a3fce8892a684f3003","name":"admin","image":{"@type":"ImageObject","inLanguage":"pl-PL","@id":"https:\/\/revesen.de\/wp-content\/uploads\/2022\/02\/logo-ciemne.jpg","url":"https:\/\/revesen.de\/wp-content\/uploads\/2022\/02\/logo-ciemne.jpg","contentUrl":"https:\/\/revesen.de\/wp-content\/uploads\/2022\/02\/logo-ciemne.jpg","width":233,"height":180,"caption":"admin"},"logo":{"@id":"https:\/\/revesen.de\/wp-content\/uploads\/2022\/02\/logo-ciemne.jpg"},"sameAs":["http:\/\/revesen.de"]}]}},"_links":{"self":[{"href":"https:\/\/revesen.de\/index.php\/wp-json\/wp\/v2\/product\/3129","targetHints":{"allow":["GET"]}}],"collection":[{"href":"https:\/\/revesen.de\/index.php\/wp-json\/wp\/v2\/product"}],"about":[{"href":"https:\/\/revesen.de\/index.php\/wp-json\/wp\/v2\/types\/product"}],"replies":[{"embeddable":true,"href":"https:\/\/revesen.de\/index.php\/wp-json\/wp\/v2\/comments?post=3129"}],"wp:featuredmedia":[{"embeddable":true,"href":"https:\/\/revesen.de\/index.php\/wp-json\/wp\/v2\/media\/3133"}],"wp:attachment":[{"href":"https:\/\/revesen.de\/index.php\/wp-json\/wp\/v2\/media?parent=3129"}],"wp:term":[{"taxonomy":"product_brand","embeddable":true,"href":"https:\/\/revesen.de\/index.php\/wp-json\/wp\/v2\/product_brand?post=3129"},{"taxonomy":"product_cat","embeddable":true,"href":"https:\/\/revesen.de\/index.php\/wp-json\/wp\/v2\/product_cat?post=3129"},{"taxonomy":"product_tag","embeddable":true,"href":"https:\/\/revesen.de\/index.php\/wp-json\/wp\/v2\/product_tag?post=3129"}],"curies":[{"name":"wp","href":"https:\/\/api.w.org\/{rel}","templated":true}]}}

<p>Um Ihren Räumen ein modernes Aussehen zu verleihen, müssen Sie das richtige Bodenbelagsmaterial auswählen. Ein mattes Brett in hellen Beigetönen, das in Ecru übergeht, durchbricht die Routine der Inneneinrichtung und inspiriert Sie zu interessanten Inneneinrichtungen.</p>

<!-- This site is optimized with the Yoast SEO plugin v27.2 - https://yoast.com/product/yoast-seo-wordpress/ -->
<title>Bodendiele – Farbton Snow - Revesen - producent podłóg drewnianych</title>
<meta name="description" content="Die matte Fußbodendiele von REVESEN in hellen Beige- und Ecru-Tönen ist die ideale Wahl für moderne Wohnräume. Durchbrechen Sie die Einrichtungsroutine und gestalten Sie mit REVESEN einzigartige Wohnkonzepte." />
<meta name="robots" content="index, follow, max-snippet:-1, max-image-preview:large, max-video-preview:-1" />
<link rel="canonical" href="https://revesen.de/index.php/produkt/bodendiele-farbton-snow/" />
<meta property="og:locale" content="pl_PL" />
<meta property="og:type" content="article" />
<meta property="og:title" content="Bodendiele – Farbton Snow - Revesen - producent podłóg drewnianych" />
<meta property="og:description" content="Die matte Fußbodendiele von REVESEN in hellen Beige- und Ecru-Tönen ist die ideale Wahl für moderne Wohnräume. Durchbrechen Sie die Einrichtungsroutine und gestalten Sie mit REVESEN einzigartige Wohnkonzepte." />
<meta property="og:url" content="https://revesen.de/index.php/produkt/bodendiele-farbton-snow/" />
<meta property="og:site_name" content="Revesen - producent podłóg drewnianych" />
<meta property="article:modified_time" content="2025-05-26T07:37:54+00:00" />
<meta property="og:image" content="https://revesen.de/wp-content/uploads/2022/02/snow.jpg" />
	<meta property="og:image:width" content="913" />
	<meta property="og:image:height" content="842" />
	<meta property="og:image:type" content="image/jpeg" />
<meta name="twitter:card" content="summary_large_image" />
<meta name="twitter:label1" content="Szacowany czas czytania" />
	<meta name="twitter:data1" content="1 minuta" />
<script type="application/ld+json" class="yoast-schema-graph">{"@context":"https://schema.org","@graph":[{"@type":"WebPage","@id":"https://revesen.de/index.php/produkt/bodendiele-farbton-snow/","url":"https://revesen.de/index.php/produkt/bodendiele-farbton-snow/","name":"Bodendiele – Farbton Snow - Revesen - producent podłóg drewnianych","isPartOf":{"@id":"https://revesen.de/#website"},"primaryImageOfPage":{"@id":"https://revesen.de/index.php/produkt/bodendiele-farbton-snow/#primaryimage"},"image":{"@id":"https://revesen.de/index.php/produkt/bodendiele-farbton-snow/#primaryimage"},"thumbnailUrl":"https://revesen.de/wp-content/uploads/2022/02/snow.jpg","datePublished":"2022-02-20T21:12:17+00:00","dateModified":"2025-05-26T07:37:54+00:00","description":"Die matte Fußbodendiele von REVESEN in hellen Beige- und Ecru-Tönen ist die ideale Wahl für moderne Wohnräume. Durchbrechen Sie die Einrichtungsroutine und gestalten Sie mit REVESEN einzigartige Wohnkonzepte.","breadcrumb":{"@id":"https://revesen.de/index.php/produkt/bodendiele-farbton-snow/#breadcrumb"},"inLanguage":"pl-PL","potentialAction":[{"@type":"ReadAction","target":["https://revesen.de/index.php/produkt/bodendiele-farbton-snow/"]}]},{"@type":"ImageObject","inLanguage":"pl-PL","@id":"https://revesen.de/index.php/produkt/bodendiele-farbton-snow/#primaryimage","url":"https://revesen.de/wp-content/uploads/2022/02/snow.jpg","contentUrl":"https://revesen.de/wp-content/uploads/2022/02/snow.jpg","width":913,"height":842},{"@type":"BreadcrumbList","@id":"https://revesen.de/index.php/produkt/bodendiele-farbton-snow/#breadcrumb","itemListElement":[{"@type":"ListItem","position":1,"name":"Strona główna","item":"https://revesen.de/"},{"@type":"ListItem","position":2,"name":"Shop","item":"https://revesen.de/index.php/shop/"},{"@type":"ListItem","position":3,"name":"Bodendiele – Farbton Snow"}]},{"@type":"WebSite","@id":"https://revesen.de/#website","url":"https://revesen.de/","name":"Revesen - producent podłóg drewnianych - Nowy Sącz, Gorlice","description":"Producent wysokiej jakości podłóg drewnianych z najwyższej jakości drewna","publisher":{"@id":"https://revesen.de/#/schema/person/0239b11af0fef7a3fce8892a684f3003"},"potentialAction":[{"@type":"SearchAction","target":{"@type":"EntryPoint","urlTemplate":"https://revesen.de/?s={search_term_string}"},"query-input":{"@type":"PropertyValueSpecification","valueRequired":true,"valueName":"search_term_string"}}],"inLanguage":"pl-PL"},{"@type":["Person","Organization"],"@id":"https://revesen.de/#/schema/person/0239b11af0fef7a3fce8892a684f3003","name":"admin","image":{"@type":"ImageObject","inLanguage":"pl-PL","@id":"https://revesen.de/wp-content/uploads/2022/02/logo-ciemne.jpg","url":"https://revesen.de/wp-content/uploads/2022/02/logo-ciemne.jpg","contentUrl":"https://revesen.de/wp-content/uploads/2022/02/logo-ciemne.jpg","width":233,"height":180,"caption":"admin"},"logo":{"@id":"https://revesen.de/wp-content/uploads/2022/02/logo-ciemne.jpg"},"sameAs":["http://revesen.de"]}]}</script>
<!-- / Yoast SEO plugin. -->

Bodendiele – Farbton Snow - Revesen - producent podłóg drewnianych

Die matte Fußbodendiele von REVESEN in hellen Beige- und Ecru-Tönen ist die ideale Wahl für moderne Wohnräume. Durchbrechen Sie die Einrichtungsroutine und gestalten Sie mit REVESEN einzigartige Wohnkonzepte.

Revesen - producent podłóg drewnianych

Strona główna

Revesen - producent podłóg drewnianych - Nowy Sącz, Gorlice

Producent wysokiej jakości podłóg drewnianych z najwyższej jakości drewna
